CRAN Package Check Results for Package MSiP

Last updated on 2024-02-29 19:12:27 CET.

Flavor Version Tinstall Tcheck Ttotal Status Flags
r-devel-linux-x86_64-debian-clang 1.3.7 20.88 330.99 351.87 OK
r-devel-linux-x86_64-debian-gcc 1.3.7 14.40 237.66 252.06 OK
r-devel-linux-x86_64-fedora-clang 1.3.7 445.68 NOTE
r-devel-linux-x86_64-fedora-gcc 1.3.7 449.55 NOTE
r-devel-windows-x86_64 1.3.7 18.00 193.00 211.00 OK
r-patched-linux-x86_64 1.3.7 19.22 304.01 323.23 OK
r-release-linux-x86_64 1.3.7 20.19 314.19 334.38 OK
r-release-macos-arm64 1.3.7 116.00 OK
r-release-macos-x86_64 1.3.7 176.00 OK
r-release-windows-x86_64 1.3.7 23.00 245.00 268.00 OK
r-oldrel-macos-arm64 1.3.7 96.00 NOTE
r-oldrel-windows-x86_64 1.3.7 26.00 255.00 281.00 OK

Check Details

Version: 1.3.7
Check: dependencies in R code
Result: NOTE Namespace in Imports field not imported from: ‘ranger’ All declared Imports should be used. Flavors: r-devel-linux-x86_64-fedora-clang, r-devel-linux-x86_64-fedora-gcc, r-oldrel-macos-arm64