CRAN Package Check Results for Package MSPRT

Last updated on 2021-12-04 07:50:27 CET.

Flavor Version Tinstall Tcheck Ttotal Status Flags
r-devel-linux-x86_64-debian-clang 3.0 32.21 152.54 184.75 OK
r-devel-linux-x86_64-debian-gcc 3.0 24.63 109.78 134.41 OK
r-devel-linux-x86_64-fedora-clang 3.0 234.80 NOTE
r-devel-linux-x86_64-fedora-gcc 3.0 207.39 NOTE
r-devel-windows-x86_64-new-UL 3.0 45.00 165.00 210.00 OK
r-devel-windows-x86_64-new-TK 3.0 NOTE
r-devel-windows-x86_64-old 3.0 49.00 115.00 164.00 OK
r-patched-linux-x86_64 3.0 26.45 136.10 162.55 OK
r-release-linux-x86_64 3.0 28.48 134.43 162.91 OK
r-release-macos-arm64 3.0 NOTE
r-release-macos-x86_64 3.0 NOTE
r-release-windows-ix86+x86_64 3.0 49.00 149.00 198.00 OK
r-oldrel-macos-x86_64 3.0 NOTE
r-oldrel-windows-ix86+x86_64 3.0 55.00 157.00 212.00 OK

Check Details

Version: 3.0
Check: dependencies in R code
Result: NOTE
    Namespaces in Imports field not imported from:
     ‘datasets’ ‘grDevices’ ‘graphics’ ‘iterators’ ‘methods’
     All declared Imports should be used.
Flavors: r-devel-linux-x86_64-fedora-clang, r-devel-linux-x86_64-fedora-gcc, r-devel-windows-x86_64-new-TK, r-release-macos-arm64, r-release-macos-x86_64, r-oldrel-macos-x86_64