CRAN Package Check Results for Package MSGARCH

Last updated on 2021-09-25 20:50:34 CEST.

Flavor Version Tinstall Tcheck Ttotal Status Flags
r-devel-linux-x86_64-debian-clang 2.42 410.75 404.28 815.03 OK
r-devel-linux-x86_64-debian-gcc 2.42 291.19 290.86 582.05 OK
r-devel-linux-x86_64-fedora-clang 2.42 1057.20 NOTE
r-devel-linux-x86_64-fedora-gcc 2.42 1021.26 OK
r-devel-windows-x86_64 2.42 340.00 346.00 686.00 OK
r-devel-windows-x86_64-gcc10-UCRT 2.42 OK
r-patched-linux-x86_64 2.42 352.33 374.77 727.10 OK
r-patched-solaris-x86 2.42 978.50 NOTE
r-release-linux-x86_64 2.42 353.41 375.03 728.44 OK
r-release-macos-arm64 2.42 NOTE
r-release-macos-x86_64 2.42 NOTE
r-release-windows-ix86+x86_64 2.42 912.00 694.00 1606.00 NOTE
r-oldrel-macos-x86_64 2.42 NOTE
r-oldrel-windows-ix86+x86_64 2.42 679.00 530.00 1209.00 NOTE

Check Details

Version: 2.42
Check: installed package size
Result: NOTE
     installed size is 41.5Mb
     sub-directories of 1Mb or more:
     libs 41.1Mb
Flavors: r-devel-linux-x86_64-fedora-clang, r-patched-solaris-x86, r-release-macos-arm64, r-release-macos-x86_64, r-release-windows-ix86+x86_64, r-oldrel-macos-x86_64, r-oldrel-windows-ix86+x86_64