CRAN Package Check Results for Package MPINet

Last updated on 2020-11-26 20:51:43 CET.

Flavor Version Tinstall Tcheck Ttotal Status Flags
r-devel-linux-x86_64-debian-clang 1.0 9.73 77.53 87.26 NOTE
r-devel-linux-x86_64-debian-gcc 1.0 7.43 60.64 68.07 NOTE
r-devel-linux-x86_64-fedora-clang 1.0 111.96 NOTE
r-devel-linux-x86_64-fedora-gcc 1.0 101.22 NOTE
r-devel-windows-ix86+x86_64 1.0 17.00 104.00 121.00 NOTE
r-patched-linux-x86_64 1.0 9.18 76.92 86.10 NOTE
r-patched-solaris-x86 1.0 147.10 NOTE
r-release-linux-x86_64 1.0 9.05 73.30 82.35 NOTE
r-release-macos-x86_64 1.0 NOTE
r-release-windows-ix86+x86_64 1.0 17.00 111.00 128.00 NOTE
r-oldrel-macos-x86_64 1.0 NOTE
r-oldrel-windows-ix86+x86_64 1.0 16.00 96.00 112.00 NOTE

Check Details

Version: 1.0
Check: DESCRIPTION meta-information
Result: NOTE
    Malformed Title field: should not end in a period.
Flavors: r-devel-linux-x86_64-debian-clang, r-devel-linux-x86_64-debian-gcc, r-devel-linux-x86_64-fedora-clang, r-devel-linux-x86_64-fedora-gcc, r-devel-windows-ix86+x86_64, r-patched-linux-x86_64, r-patched-solaris-x86, r-release-linux-x86_64, r-release-macos-x86_64, r-release-windows-ix86+x86_64, r-oldrel-macos-x86_64, r-oldrel-windows-ix86+x86_64

Version: 1.0
Check: R code for possible problems
Result: NOTE
    GetExampleData: no visible binding for global variable 'MPINetData'
    Getenvir: no visible binding for global variable 'MPINetData'
    getPSS: no visible global function definition for 'lines'
    performpcls: no visible global function definition for 'binomial'
    Undefined global functions or variables:
     MPINetData binomial lines
    Consider adding
     importFrom("graphics", "lines")
     importFrom("stats", "binomial")
    to your NAMESPACE file.
Flavors: r-devel-linux-x86_64-debian-clang, r-devel-linux-x86_64-debian-gcc, r-devel-linux-x86_64-fedora-clang, r-devel-linux-x86_64-fedora-gcc, r-devel-windows-ix86+x86_64, r-patched-linux-x86_64, r-patched-solaris-x86, r-release-linux-x86_64, r-release-macos-x86_64, r-release-windows-ix86+x86_64, r-oldrel-macos-x86_64, r-oldrel-windows-ix86+x86_64