Last updated on 2023-03-30 08:53:43 CEST.
Flavor | Version | Tinstall | Tcheck | Ttotal | Status | Flags |
---|---|---|---|---|---|---|
r-devel-linux-x86_64-debian-clang | 1.0.0 | 2.80 | 28.92 | 31.72 | NOTE | |
r-devel-linux-x86_64-debian-gcc | 1.0.0 | 1.54 | 23.08 | 24.62 | NOTE | |
r-devel-linux-x86_64-fedora-clang | 1.0.0 | 41.81 | NOTE | |||
r-devel-linux-x86_64-fedora-gcc | 1.0.0 | 51.68 | NOTE | |||
r-devel-windows-x86_64 | 1.0.0 | 13.00 | 61.00 | 74.00 | NOTE | |
r-patched-linux-x86_64 | 1.0.0 | 2.42 | 28.52 | 30.94 | NOTE | |
r-release-linux-x86_64 | 1.0.0 | 2.08 | 31.02 | 33.10 | OK | |
r-release-macos-arm64 | 1.0.0 | 21.00 | OK | |||
r-release-macos-x86_64 | 1.0.0 | 31.00 | OK | |||
r-release-windows-x86_64 | 1.0.0 | 8.00 | 59.00 | 67.00 | OK | |
r-oldrel-macos-arm64 | 1.0.0 | 25.00 | OK | |||
r-oldrel-macos-x86_64 | 1.0.0 | 33.00 | OK | |||
r-oldrel-windows-ix86+x86_64 | 1.0.0 | 7.00 | 58.00 | 65.00 | OK |
Version: 1.0.0
Check: Rd files
Result: NOTE
checkRd: (-1) genotype_data.Rd:7: Escaped LaTeX specials: \_
checkRd: (-1) genotype_data.Rd:18: Escaped LaTeX specials: \_
checkRd: (-1) phenotype_data.Rd:15: Escaped LaTeX specials: \_
Flavors: r-devel-linux-x86_64-debian-clang, r-devel-linux-x86_64-debian-gcc, r-devel-linux-x86_64-fedora-clang, r-devel-linux-x86_64-fedora-gcc, r-devel-windows-x86_64, r-patched-linux-x86_64