CRAN Package Check Results for Package MPGE

Last updated on 2024-02-29 07:52:41 CET.

Flavor Version Tinstall Tcheck Ttotal Status Flags
r-devel-linux-x86_64-debian-clang 1.0.0 2.16 31.00 33.16 NOTE
r-devel-linux-x86_64-debian-gcc 1.0.0 2.08 23.68 25.76 NOTE
r-devel-linux-x86_64-fedora-clang 1.0.0 43.12 NOTE
r-devel-linux-x86_64-fedora-gcc 1.0.0 51.85 NOTE
r-devel-windows-x86_64 1.0.0 5.00 47.00 52.00 NOTE
r-patched-linux-x86_64 1.0.0 1.98 29.74 31.72 NOTE
r-release-linux-x86_64 1.0.0 2.86 30.09 32.95 NOTE
r-release-macos-arm64 1.0.0 25.00 NOTE
r-release-macos-x86_64 1.0.0 33.00 NOTE
r-release-windows-x86_64 1.0.0 4.00 48.00 52.00 NOTE
r-oldrel-macos-arm64 1.0.0 21.00 OK
r-oldrel-windows-x86_64 1.0.0 5.00 52.00 57.00 OK

Check Details

Version: 1.0.0
Check: Rd files
Result: NOTE checkRd: (-1) genotype_data.Rd:7: Escaped LaTeX specials: \_ checkRd: (-1) genotype_data.Rd:18: Escaped LaTeX specials: \_ checkRd: (-1) phenotype_data.Rd:15: Escaped LaTeX specials: \_ Flavors: r-devel-linux-x86_64-debian-clang, r-devel-linux-x86_64-debian-gcc, r-devel-linux-x86_64-fedora-clang, r-devel-linux-x86_64-fedora-gcc, r-devel-windows-x86_64, r-patched-linux-x86_64, r-release-linux-x86_64, r-release-macos-arm64, r-release-macos-x86_64, r-release-windows-x86_64