CRAN Package Check Results for Package MMVBVS

Last updated on 2024-02-26 07:50:06 CET.

Flavor Version Tinstall Tcheck Ttotal Status Flags
r-devel-linux-x86_64-debian-clang 0.8.0 49.63 59.15 108.78 NOTE
r-devel-linux-x86_64-debian-gcc 0.8.0 39.96 41.17 81.13 NOTE
r-devel-linux-x86_64-fedora-clang 0.8.0 142.60 NOTE
r-devel-linux-x86_64-fedora-gcc 0.8.0 139.86 NOTE
r-devel-windows-x86_64 0.8.0 39.00 81.00 120.00 NOTE
r-patched-linux-x86_64 0.8.0 48.09 51.10 99.19 NOTE
r-release-linux-x86_64 0.8.0 50.03 52.38 102.41 NOTE
r-release-macos-arm64 0.8.0 44.00 NOTE
r-release-macos-x86_64 0.8.0 58.00 NOTE
r-release-windows-x86_64 0.8.0 49.00 89.00 138.00 NOTE
r-oldrel-macos-arm64 0.8.0 42.00 NOTE
r-oldrel-windows-x86_64 0.8.0 47.00 95.00 142.00 NOTE

Check Details

Version: 0.8.0
Check: LazyData
Result: NOTE 'LazyData' is specified without a 'data' directory Flavors: r-devel-linux-x86_64-debian-clang, r-devel-linux-x86_64-debian-gcc, r-devel-linux-x86_64-fedora-clang, r-devel-linux-x86_64-fedora-gcc, r-devel-windows-x86_64, r-patched-linux-x86_64, r-release-linux-x86_64, r-release-macos-arm64, r-release-macos-x86_64, r-release-windows-x86_64, r-oldrel-macos-arm64, r-oldrel-windows-x86_64