CRAN Package Check Results for Package MMD

Last updated on 2022-10-01 10:51:58 CEST.

Flavor Version Tinstall Tcheck Ttotal Status Flags
r-devel-linux-x86_64-debian-clang 1.0.0 3.52 72.68 76.20 NOTE
r-devel-linux-x86_64-debian-gcc 1.0.0 2.70 52.65 55.35 NOTE
r-devel-linux-x86_64-fedora-clang 1.0.0 100.79 NOTE
r-devel-linux-x86_64-fedora-gcc 1.0.0 96.22 NOTE
r-devel-windows-x86_64 1.0.0 7.00 98.00 105.00 NOTE
r-patched-linux-x86_64 1.0.0 3.29 69.66 72.95 NOTE
r-release-linux-x86_64 1.0.0 3.61 66.30 69.91 NOTE
r-release-macos-arm64 1.0.0 29.00 NOTE
r-release-macos-x86_64 1.0.0 39.00 NOTE
r-release-windows-x86_64 1.0.0 11.00 101.00 112.00 NOTE
r-oldrel-macos-arm64 1.0.0 31.00 NOTE
r-oldrel-macos-x86_64 1.0.0 58.00 NOTE
r-oldrel-windows-ix86+x86_64 1.0.0 9.00 93.00 102.00 NOTE

Check Details

Version: 1.0.0
Check: LazyData
Result: NOTE
     'LazyData' is specified without a 'data' directory
Flavors: r-devel-linux-x86_64-debian-clang, r-devel-linux-x86_64-debian-gcc, r-devel-linux-x86_64-fedora-clang, r-devel-linux-x86_64-fedora-gcc, r-devel-windows-x86_64, r-patched-linux-x86_64, r-release-linux-x86_64, r-release-macos-arm64, r-release-macos-x86_64, r-release-windows-x86_64, r-oldrel-macos-arm64, r-oldrel-macos-x86_64, r-oldrel-windows-ix86+x86_64