CRAN Package Check Results for Package MM2Sdata

Last updated on 2022-01-25 07:50:12 CET.

Flavor Version Tinstall Tcheck Ttotal Status Flags
r-devel-linux-x86_64-debian-clang 1.0.3 2.67 37.70 40.37 OK
r-devel-linux-x86_64-debian-gcc 1.0.3 2.41 32.38 34.79 OK
r-devel-linux-x86_64-fedora-clang 1.0.3 51.20 OK
r-devel-linux-x86_64-fedora-gcc 1.0.3 42.21 OK
r-devel-windows-x86_64-new-UL 1.0.3 14.00 81.00 95.00 OK
r-devel-windows-x86_64-new-TK 1.0.3 WARN
r-patched-linux-x86_64 1.0.3 2.64 37.56 40.20 OK
r-release-linux-x86_64 1.0.3 2.85 37.46 40.31 OK
r-release-macos-arm64 1.0.3 OK
r-release-macos-x86_64 1.0.3 OK
r-release-windows-ix86+x86_64 1.0.3 8.00 52.00 60.00 OK
r-oldrel-macos-x86_64 1.0.3 OK
r-oldrel-windows-ix86+x86_64 1.0.3 10.00 53.00 63.00 OK

Check Details

Version: 1.0.3
Check: re-building of vignette outputs
Result: WARN
    Error(s) in re-building vignettes:
    --- re-building 'MM2Sdata.Rnw' using knitr
    Warning in system(paste(shQuote(texi2dvi), if (quiet) "--quiet" else "", :
     running command '"C:\PROGRA~1\MiKTeX\miktex\bin\x64\texify.exe" --quiet --pdf "MM2Sdata.tex" --max-iterations=20 -I "C:/r_packages/rinst/share/texmf/tex/latex" -I "C:/r_packages/rinst/share/texmf/bibtex/bst"' had status 1
    Error: processing vignette 'MM2Sdata.Rnw' failed with diagnostics:
    running 'texi2dvi' on 'MM2Sdata.tex' failed
    
    LaTeX errors:
    es/MM2Sdata.tex:160: pdfTeX error (font expansion): auto expansion is only poss
    ible with scalable fonts.
    <argument> ...shipout:D \box_use:N \l_shipout_box
     \__shipout_drop_firstpage_...
    l.160 ... 'citation("{}pkgname"{})'.}}\end{kframe}
    es/MM2Sdata.tex:160: ==> Fatal error occurred, no output PDF file produced!
    
    --- failed re-building 'MM2Sdata.Rnw'
    
    SUMMARY: processing the following file failed:
     'MM2Sdata.Rnw'
    
    Error: Vignette re-building failed.
    Execution halted
Flavor: r-devel-windows-x86_64-new-TK