CRAN Package Check Results for Package MM2S

Last updated on 2021-11-30 19:51:29 CET.

Flavor Version Tinstall Tcheck Ttotal Status Flags
r-devel-linux-x86_64-debian-clang 1.0.6 41.55 416.76 458.31 NOTE
r-devel-linux-x86_64-debian-gcc 1.0.6 32.00 334.10 366.10 NOTE
r-devel-linux-x86_64-fedora-clang 1.0.6 604.21 WARN
r-devel-linux-x86_64-fedora-gcc 1.0.6 580.22 WARN
r-devel-windows-x86_64-new-UL 1.0.6 67.00 515.00 582.00 OK
r-devel-windows-x86_64-new-TK 1.0.6 WARN
r-devel-windows-x86_64-old 1.0.6 60.00 353.00 413.00 OK
r-patched-linux-x86_64 1.0.6 37.07 413.05 450.12 NOTE
r-patched-solaris-x86 1.0.6 824.10 NOTE
r-release-linux-x86_64 1.0.6 39.11 420.78 459.89 NOTE
r-release-macos-arm64 1.0.6 OK
r-release-macos-x86_64 1.0.6 OK
r-release-windows-ix86+x86_64 1.0.6 90.00 470.00 560.00 OK
r-oldrel-macos-x86_64 1.0.6 OK
r-oldrel-windows-ix86+x86_64 1.0.6 54.00 340.00 394.00 OK

Check Details

Version: 1.0.6
Check: for non-standard things in the check directory
Result: NOTE
    Found the following files/directories:
     'MM2S_Predictions_Heatmap.pdf' 'MM2S_Predictions_StackedBarplot.pdf'
Flavors: r-devel-linux-x86_64-debian-clang, r-devel-linux-x86_64-debian-gcc, r-devel-linux-x86_64-fedora-clang, r-devel-linux-x86_64-fedora-gcc, r-patched-linux-x86_64, r-patched-solaris-x86, r-release-linux-x86_64

Version: 1.0.6
Check: re-building of vignette outputs
Result: WARN
    Error(s) in re-building vignettes:
    --- re-building ‘MM2S.Rnw’ using knitr
    Warning in doTryCatch(return(expr), name, parentenv, handler) :
     "labelcex" is not a graphical parameter
    Warning in doTryCatch(return(expr), name, parentenv, handler) :
     "labelcex" is not a graphical parameter
    Warning in doTryCatch(return(expr), name, parentenv, handler) :
     "labelcex" is not a graphical parameter
    Warning in doTryCatch(return(expr), name, parentenv, handler) :
     "labelcex" is not a graphical parameter
    Error: processing vignette 'MM2S.Rnw' failed with diagnostics:
    Running 'texi2dvi' on 'MM2S.tex' failed.
    LaTeX errors:
    ! Package xcolor Error: Undefined color `fgcolor'.
    
    See the xcolor package documentation for explanation.
    Type H <return> for immediate help.
     ...
    ! Package xcolor Error: Undefined color `fgcolor'.
    
    See the xcolor package documentation for explanation.
    Type H <return> for immediate help.
     ...
    ! Package xcolor Error: Undefined color `messagecolor'.
    
    See the xcolor package documentation for explanation.
    Type H <return> for immediate help.
     ...
    ! Package xcolor Error: Undefined color `messagecolor'.
    
    See the xcolor package documentation for explanation.
    Type H <return> for immediate help.
     ...
    ! Package xcolor Error: Undefined color `messagecolor'.
    
    See the xcolor package documentation for explanation.
    Type H <return> for immediate help.
     ...
    ! Package xcolor Error: Undefined color `messagecolor'.
    
    See the xcolor package documentation for explanation.
    Type H <return> for immediate help.
     ...
    ! Package xcolor Error: Undefined color `fgcolor'.
    
    See the xcolor package documentation for explanation.
    Type H <return> for immediate help.
     ...
    ! Package xcolor Error: Undefined color `fgcolor'.
    
    See the xcolor package documentation for explanation.
    Type H <return> for immediate help.
     ...
    ! Package xcolor Error: Undefined color `fgcolor'.
    
    See the xcolor package documentation for explanation.
    Type H <return> for immediate help.
     ...
    ! Package xcolor Error: Undefined color `warningcolor'.
    
    See the xcolor package documentation for explanation.
    Type H <return> for immediate help.
     ...
    ! Package xcolor Error: Undefined color `warningcolor'.
    
    See the xcolor package documentation for explanation.
    Type H <return> for immediate help.
     ...
    ! Package xcolor Error: Undefined color `warningcolor'.
    
    See the xcolor package documentation for explanation.
    Type H <return> for immediate help.
     ...
    ! Package xcolor Error: Undefined color `warningcolor'.
    
    See the xcolor package documentation for explanation.
    Type H <return> for immediate help.
     ...
    ! Package xcolor Error: Undefined color `warningcolor'.
    
    See the xcolor package documentation for explanation.
    Type H <return> for immediate help.
     ...
    ! Package xcolor Error: Undefined color `warningcolor'.
    
    See the xcolor package documentation for explanation.
    Type H <return> for immediate help.
     ...
    ! Package xcolor Error: Undefined color `warningcolor'.
    
    See the xcolor package documentation for explanation.
    Type H <return> for immediate help.
     ...
    ! Package xcolor Error: Undefined color `warningcolor'.
    
    See the xcolor package documentation for explanation.
    Type H <return> for immediate help.
     ...
    ! Package xcolor Error: Undefined color `fgcolor'.
    
    See the xcolor package documentation for explanation.
    Type H <return> for immediate help.
     ...
    ! Package xcolor Error: Undefined color `fgcolor'.
    
    See the xcolor package documentation for explanation.
    Type H <return> for immediate help.
     ...
    ! Package xcolor Error: Undefined color `messagecolor'.
    
    See the xcolor package documentation for explanation.
    Type H <return> for immediate help.
     ...
    ! Package xcolor Error: Undefined color `fgcolor'.
    
    See the xcolor package documentation for explanation.
    Type H <return> for immediate help.
     ...
    ! Package xcolor Error: Undefined color `messagecolor'.
    
    See the xcolor package documentation for explanation.
    Type H <return> for immediate help.
     ...
    ! Package xcolor Error: Undefined color `messagecolor'.
    
    See the xcolor package documentation for explanation.
    Type H <return> for immediate help.
     ...
    ! Package xcolor Error: Undefined color `messagecolor'.
    
    See the xcolor package documentation for explanation.
    Type H <return> for immediate help.
     ...
    ! Package xcolor Error: Undefined color `messagecolor'.
    
    See the xcolor package documentation for explanation.
    Type H <return> for immediate help.
     ...
    ! Package xcolor Error: Undefined color `fgcolor'.
    
    See the xcolor package documentation for explanation.
    Type H <return> for immediate help.
     ...
    ! Package xcolor Error: Undefined color `fgcolor'.
    
    See the xcolor package documentation for explanation.
    Type H <return> for immediate help.
     ...
    ! Package xcolor Error: Undefined color `messagecolor'.
    
    See the xcolor package documentation for explanation.
    Type H <return> for immediate help.
     ...
    ! Package xcolor Error: Undefined color `fgcolor'.
    
    See the xcolor package documentation for explanation.
    Type H <return> for immediate help.
     ...
    --- failed re-building ‘MM2S.Rnw’
    
    --- re-building ‘MM2S_FromRawData.Rnw’ using knitr
    Error: processing vignette 'MM2S_FromRawData.Rnw' failed with diagnostics:
    Running 'texi2dvi' on 'MM2S_FromRawData.tex' failed.
    LaTeX errors:
    ! Package xcolor Error: Undefined color `fgcolor'.
    
    See the xcolor package documentation for explanation.
    Type H <return> for immediate help.
     ...
    ! Package xcolor Error: Undefined color `fgcolor'.
    
    See the xcolor package documentation for explanation.
    Type H <return> for immediate help.
     ...
    ! Package xcolor Error: Undefined color `fgcolor'.
    
    See the xcolor package documentation for explanation.
    Type H <return> for immediate help.
     ...
    ! Package xcolor Error: Undefined color `fgcolor'.
    
    See the xcolor package documentation for explanation.
    Type H <return> for immediate help.
     ...
    ! Package xcolor Error: Undefined color `fgcolor'.
    
    See the xcolor package documentation for explanation.
    Type H <return> for immediate help.
     ...
    ! Package xcolor Error: Undefined color `fgcolor'.
    
    See the xcolor package documentation for explanation.
    Type H <return> for immediate help.
     ...
    ! Package xcolor Error: Undefined color `fgcolor'.
    
    See the xcolor package documentation for explanation.
    Type H <return> for immediate help.
     ...
    --- failed re-building ‘MM2S_FromRawData.Rnw’
    
    SUMMARY: processing the following files failed:
     ‘MM2S.Rnw’ ‘MM2S_FromRawData.Rnw’
    
    Error: Vignette re-building failed.
    Execution halted
Flavors: r-devel-linux-x86_64-fedora-clang, r-devel-linux-x86_64-fedora-gcc

Version: 1.0.6
Check: re-building of vignette outputs
Result: WARN
    Error(s) in re-building vignettes:
    --- re-building 'MM2S.Rnw' using knitr
    Warning in doTryCatch(return(expr), name, parentenv, handler) :
     "labelcex" is not a graphical parameter
    Warning in doTryCatch(return(expr), name, parentenv, handler) :
     "labelcex" is not a graphical parameter
    Warning in doTryCatch(return(expr), name, parentenv, handler) :
     "labelcex" is not a graphical parameter
    Warning in doTryCatch(return(expr), name, parentenv, handler) :
     "labelcex" is not a graphical parameter
    Warning in system(paste(shQuote(texi2dvi), if (quiet) "--quiet" else "", :
     running command '"C:\PROGRA~1\MiKTeX\miktex\bin\x64\texify.exe" --quiet --pdf "MM2S.tex" --max-iterations=20 -I "C:/r_packages/rinst/share/texmf/tex/latex" -I "C:/r_packages/rinst/share/texmf/bibtex/bst"' had status 1
    Error: processing vignette 'MM2S.Rnw' failed with diagnostics:
    Failed to locate 'texi2pdf' output file 'MM2S.pdf' for vignette with name 'MM2S' and engine 'knitr::knitr'. The following files exist in working directory 'C:\r_packages\pkgcheck\CRAN\MM2S\MM2S.Rcheck\vign_test\MM2S\vignettes': 'LatticeMatrix.pdf' (125758 bytes), 'MM2S.R' (4356 bytes), 'MM2S.Rnw' (11601 bytes), 'MM2S.aux' (8 bytes), 'MM2S.log' (13045 bytes), 'MM2S.tex' (29145 bytes), 'MM2S.toc' (0 bytes), 'MM2S_FromRawData.Rnw' (8281 bytes), 'MM2S_OverallPredictions_PieDist.pdf' (5591 bytes), 'MM2S_Predictions_Heatmap.pdf' (4635 bytes), 'PC1-PC2.pdf' (25651 bytes), 'PC2-PC3.pdf' (25584 bytes)
    --- failed re-building 'MM2S.Rnw'
    
    --- re-building 'MM2S_FromRawData.Rnw' using knitr
    Warning in system(paste(shQuote(texi2dvi), if (quiet) "--quiet" else "", :
     running command '"C:\PROGRA~1\MiKTeX\miktex\bin\x64\texify.exe" --quiet --pdf "MM2S_FromRawData.tex" --max-iterations=20 -I "C:/r_packages/rinst/share/texmf/tex/latex" -I "C:/r_packages/rinst/share/texmf/bibtex/bst"' had status 1
    Error: processing vignette 'MM2S_FromRawData.Rnw' failed with diagnostics:
    running 'texi2dvi' on 'MM2S_FromRawData.tex' failed
    
    LaTeX errors:
    RawData.tex:125: Package xcolor Error: Undefined color `fgcolor'.
    
    See the xcolor package documentation for explanation.
    Type H <return> for immediate help.
     ...
    RawData.tex:144: pdfTeX error (font expansion): auto expansion is only possible
     with scalable fonts.
    <argument> ...shipout:D \box_use:N \l_shipout_box
     \__shipout_drop_firstpage_...
    l.144 \end{kframe}
    RawData.tex:144: ==> Fatal error occurred, no output PDF file produced!
    
    --- failed re-building 'MM2S_FromRawData.Rnw'
    
    SUMMARY: processing the following files failed:
     'MM2S.Rnw' 'MM2S_FromRawData.Rnw'
    
    Error: Vignette re-building failed.
    Execution halted
Flavor: r-devel-windows-x86_64-new-TK