Last updated on 2023-02-01 07:53:09 CET.
Flavor | Version | Tinstall | Tcheck | Ttotal | Status | Flags |
---|---|---|---|---|---|---|
r-devel-linux-x86_64-debian-clang | 0.3 | 3.85 | 40.13 | 43.98 | OK | |
r-devel-linux-x86_64-debian-gcc | 0.3 | 3.72 | 29.66 | 33.38 | OK | |
r-devel-linux-x86_64-fedora-clang | 0.3 | 57.01 | NOTE | |||
r-devel-linux-x86_64-fedora-gcc | 0.3 | 80.32 | OK | |||
r-devel-windows-x86_64 | 0.3 | 30.00 | 69.00 | 99.00 | OK | |
r-patched-linux-x86_64 | 0.3 | 4.64 | 38.80 | 43.44 | OK | |
r-release-linux-x86_64 | 0.3 | 3.56 | 39.27 | 42.83 | OK | |
r-release-macos-arm64 | 0.3 | 20.00 | OK | |||
r-release-macos-x86_64 | 0.3 | 27.00 | OK | |||
r-release-windows-x86_64 | 0.3 | 28.00 | 71.00 | 99.00 | OK | |
r-oldrel-macos-arm64 | 0.3 | 26.00 | OK | |||
r-oldrel-macos-x86_64 | 0.3 | 35.00 | OK | |||
r-oldrel-windows-ix86+x86_64 | 0.3 | 10.00 | 61.00 | 71.00 | OK |
Version: 0.3
Check: Rd cross-references
Result: NOTE
Undeclared package ‘rms’ in Rd xrefs
Flavor: r-devel-linux-x86_64-fedora-clang