Last updated on 2023-03-30 20:49:16 CEST.
Flavor | Version | Tinstall | Tcheck | Ttotal | Status | Flags |
---|---|---|---|---|---|---|
r-devel-linux-x86_64-debian-clang | 0.1.0 | 836.95 | 242.09 | 1079.04 | NOTE | |
r-devel-linux-x86_64-debian-gcc | 0.1.0 | 771.45 | 227.87 | 999.32 | NOTE | |
r-devel-linux-x86_64-fedora-clang | 0.1.0 | 1391.62 | NOTE | |||
r-devel-linux-x86_64-fedora-gcc | 0.1.0 | 1768.15 | NOTE | |||
r-devel-windows-x86_64 | 0.1.0 | 1121.00 | 0.00 | 1121.00 | NOTE | |
r-patched-linux-x86_64 | 0.1.0 | 738.74 | 321.10 | 1059.84 | NOTE | |
r-release-linux-x86_64 | 0.1.0 | 696.55 | 273.92 | 970.47 | NOTE | |
r-release-macos-arm64 | 0.1.0 | 415.00 | NOTE | |||
r-release-macos-x86_64 | 0.1.0 | 650.00 | NOTE | |||
r-release-windows-x86_64 | 0.1.0 | 3268.00 | 440.00 | 3708.00 | NOTE | |
r-oldrel-macos-arm64 | 0.1.0 | 457.00 | NOTE | |||
r-oldrel-macos-x86_64 | 0.1.0 | 676.00 | NOTE | |||
r-oldrel-windows-ix86+x86_64 | 0.1.0 | 757.00 | 19.00 | 776.00 | ERROR |
Version: 0.1.0
Check: for GNU extensions in Makefiles
Result: NOTE
GNU make is a SystemRequirements.
Flavors: r-devel-linux-x86_64-debian-clang, r-devel-linux-x86_64-debian-gcc, r-devel-linux-x86_64-fedora-clang, r-devel-linux-x86_64-fedora-gcc, r-devel-windows-x86_64, r-patched-linux-x86_64, r-release-linux-x86_64, r-release-macos-arm64, r-release-macos-x86_64, r-release-windows-x86_64, r-oldrel-macos-arm64, r-oldrel-macos-x86_64
Version: 0.1.0
Check: installed package size
Result: NOTE
installed size is 9.0Mb
sub-directories of 1Mb or more:
libs 8.4Mb
Flavors: r-devel-linux-x86_64-fedora-clang, r-devel-windows-x86_64, r-release-macos-arm64, r-release-macos-x86_64, r-release-windows-x86_64, r-oldrel-macos-arm64, r-oldrel-macos-x86_64
Version: 0.1.0
Check: dependencies in R code
Result: NOTE
Namespaces in Imports field not imported from:
‘pracma’ ‘rstantools’
All declared Imports should be used.
Flavors: r-devel-linux-x86_64-fedora-clang, r-devel-linux-x86_64-fedora-gcc, r-release-macos-arm64, r-release-macos-x86_64, r-oldrel-macos-arm64, r-oldrel-macos-x86_64
Version: 0.1.0
Check: whether package can be installed
Result: ERROR
Installation failed.
Flavor: r-oldrel-windows-ix86+x86_64