CRAN Package Check Results for Package MIIVsem

Last updated on 2021-09-21 20:51:11 CEST.

Flavor Version Tinstall Tcheck Ttotal Status Flags
r-devel-linux-x86_64-debian-clang 0.5.8 6.36 43.05 49.41 OK
r-devel-linux-x86_64-debian-gcc 0.5.8 5.16 32.14 37.30 OK
r-devel-linux-x86_64-fedora-clang 0.5.8 67.39 OK
r-devel-linux-x86_64-fedora-gcc 0.5.8 56.29 OK
r-devel-windows-x86_64 0.5.8 7.00 43.00 50.00 OK
r-devel-windows-x86_64-gcc10-UCRT 0.5.8 ERROR
r-patched-linux-x86_64 0.5.8 6.30 41.32 47.62 OK
r-patched-solaris-x86 0.5.8 76.70 OK
r-release-linux-x86_64 0.5.8 5.44 41.14 46.58 OK
r-release-macos-arm64 0.5.8 OK
r-release-macos-x86_64 0.5.8 OK
r-release-windows-ix86+x86_64 0.5.8 12.00 56.00 68.00 OK
r-oldrel-macos-x86_64 0.5.8 OK
r-oldrel-windows-ix86+x86_64 0.5.8 14.00 42.00 56.00 OK

Check Details

Version: 0.5.8
Check: whether package can be installed
Result: WARN
    Found the following significant warnings:
     WARNING: installation-time patches will not be applied, could not get the patches index
Flavor: r-devel-windows-x86_64-gcc10-UCRT

Version: 0.5.8
Check: PDF version of manual
Result: WARN
    LaTeX errors when creating PDF version.
    This typically indicates Rd problems.
Flavor: r-devel-windows-x86_64-gcc10-UCRT

Version: 0.5.8
Check: PDF version of manual without hyperrefs or index
Result: ERROR
    Re-running with no redirection of stdout/stderr.
Flavor: r-devel-windows-x86_64-gcc10-UCRT