CRAN Package Check Results for Package MGDrivE2

Last updated on 2024-02-22 19:55:37 CET.

Flavor Version Tinstall Tcheck Ttotal Status Flags
r-devel-linux-x86_64-debian-clang 2.1.0 NOTE
r-devel-linux-x86_64-debian-gcc 2.1.0 13.35 385.09 398.44 NOTE
r-devel-linux-x86_64-fedora-clang 2.1.0 728.57 NOTE
r-devel-linux-x86_64-fedora-gcc 2.1.0 739.88 NOTE
r-devel-windows-x86_64 2.1.0 15.00 335.00 350.00 OK
r-patched-linux-x86_64 2.1.0 22.70 549.12 571.82 OK
r-release-linux-x86_64 2.1.0 19.57 551.17 570.74 OK
r-release-macos-arm64 2.1.0 192.00 OK
r-release-macos-x86_64 2.1.0 300.00 OK
r-release-windows-x86_64 2.1.0 20.00 448.00 468.00 OK
r-oldrel-macos-arm64 2.1.0 144.00 OK
r-oldrel-windows-x86_64 2.1.0 21.00 436.00 457.00 OK

Check Details

Version: 2.1.0
Check: Rd files
Result: NOTE checkRd: (-1) summarize_stats_CSV.Rd:81: Lost braces; missing escapes or markup? 81 | {stage}\emph{Mean}(patchNum).csv and {stage}\emph{Quantile}(quantNum)_(patchNum).csv. | ^ checkRd: (-1) summarize_stats_CSV.Rd:81: Lost braces; missing escapes or markup? 81 | {stage}\emph{Mean}(patchNum).csv and {stage}\emph{Quantile}(quantNum)_(patchNum).csv. | ^ checkRd: (-1) summarize_stats_CSV_decoupled.Rd:84: Lost braces; missing escapes or markup? 84 | {stage}\emph{Mean}(patchNum).csv and {stage}\emph{Quantile}(quantNum)_(patchNum).csv. | ^ checkRd: (-1) summarize_stats_CSV_decoupled.Rd:84: Lost braces; missing escapes or markup? 84 | {stage}\emph{Mean}(patchNum).csv and {stage}\emph{Quantile}(quantNum)_(patchNum).csv. | ^ Flavors: r-devel-linux-x86_64-debian-clang, r-devel-linux-x86_64-debian-gcc, r-devel-linux-x86_64-fedora-clang, r-devel-linux-x86_64-fedora-gcc