Last updated on 2023-03-29 08:53:43 CEST.
Flavor | Version | Tinstall | Tcheck | Ttotal | Status | Flags |
---|---|---|---|---|---|---|
r-devel-linux-x86_64-debian-clang | 3.0 | 3.19 | 29.73 | 32.92 | NOTE | |
r-devel-linux-x86_64-debian-gcc | 3.0 | 2.50 | 23.41 | 25.91 | NOTE | |
r-devel-linux-x86_64-fedora-clang | 3.0 | 42.79 | NOTE | |||
r-devel-linux-x86_64-fedora-gcc | 3.0 | 41.54 | NOTE | |||
r-devel-windows-x86_64 | 3.0 | 10.00 | 0.00 | 10.00 | NOTE | |
r-patched-linux-x86_64 | 3.0 | 3.38 | 28.59 | 31.97 | NOTE | |
r-release-linux-x86_64 | 3.0 | 2.72 | 31.45 | 34.17 | NOTE | |
r-release-macos-arm64 | 3.0 | 16.00 | NOTE | |||
r-release-macos-x86_64 | 3.0 | 25.00 | NOTE | |||
r-release-windows-x86_64 | 3.0 | 16.00 | 61.00 | 77.00 | NOTE | |
r-oldrel-macos-arm64 | 3.0 | 19.00 | NOTE | |||
r-oldrel-macos-x86_64 | 3.0 | 32.00 | NOTE | |||
r-oldrel-windows-ix86+x86_64 | 3.0 | 7.00 | 59.00 | 66.00 | NOTE |
Version: 3.0
Check: LazyData
Result: NOTE
'LazyData' is specified without a 'data' directory
Flavors: r-devel-linux-x86_64-debian-clang, r-devel-linux-x86_64-debian-gcc, r-devel-linux-x86_64-fedora-clang, r-devel-linux-x86_64-fedora-gcc, r-devel-windows-x86_64, r-patched-linux-x86_64, r-release-linux-x86_64, r-release-macos-arm64, r-release-macos-x86_64, r-release-windows-x86_64, r-oldrel-macos-arm64, r-oldrel-macos-x86_64, r-oldrel-windows-ix86+x86_64