Last updated on 2023-03-30 08:53:42 CEST.
Flavor | Version | Tinstall | Tcheck | Ttotal | Status | Flags |
---|---|---|---|---|---|---|
r-devel-linux-x86_64-debian-clang | 1.0.1 | 7.71 | 71.19 | 78.90 | OK | |
r-devel-linux-x86_64-debian-gcc | 1.0.1 | 5.68 | 53.23 | 58.91 | OK | |
r-devel-linux-x86_64-fedora-clang | 1.0.1 | 103.51 | NOTE | |||
r-devel-linux-x86_64-fedora-gcc | 1.0.1 | 112.45 | OK | |||
r-devel-windows-x86_64 | 1.0.1 | 41.00 | 0.00 | 41.00 | NOTE | |
r-patched-linux-x86_64 | 1.0.1 | 7.15 | 69.77 | 76.92 | OK | |
r-release-linux-x86_64 | 1.0.1 | 6.71 | 68.48 | 75.19 | OK | |
r-release-macos-arm64 | 1.0.1 | 32.00 | NOTE | |||
r-release-macos-x86_64 | 1.0.1 | 48.00 | NOTE | |||
r-release-windows-x86_64 | 1.0.1 | 47.00 | 104.00 | 151.00 | NOTE | |
r-oldrel-macos-arm64 | 1.0.1 | 40.00 | NOTE | |||
r-oldrel-macos-x86_64 | 1.0.1 | 66.00 | NOTE | |||
r-oldrel-windows-ix86+x86_64 | 1.0.1 | 14.00 | 90.00 | 104.00 | NOTE |
Version: 1.0.1
Check: installed package size
Result: NOTE
installed size is 7.6Mb
sub-directories of 1Mb or more:
doc 1.9Mb
extdata 5.3Mb
Flavors: r-devel-linux-x86_64-fedora-clang, r-devel-windows-x86_64, r-release-macos-arm64, r-release-macos-x86_64, r-release-windows-x86_64, r-oldrel-macos-arm64, r-oldrel-macos-x86_64, r-oldrel-windows-ix86+x86_64