CRAN Package Check Results for Package MCMCprecision

Last updated on 2022-05-17 21:50:51 CEST.

Flavor Version Tinstall Tcheck Ttotal Status Flags
r-devel-linux-x86_64-debian-clang 0.4.0 107.39 87.02 194.41 NOTE
r-devel-linux-x86_64-debian-gcc 0.4.0 81.08 66.83 147.91 NOTE
r-devel-linux-x86_64-fedora-clang 0.4.0 261.44 NOTE
r-devel-linux-x86_64-fedora-gcc 0.4.0 237.37 NOTE
r-devel-windows-x86_64 0.4.0 99.00 127.00 226.00 NOTE
r-patched-linux-x86_64 0.4.0 84.28 84.27 168.55 NOTE
r-release-linux-x86_64 0.4.0 83.20 84.78 167.98 NOTE
r-release-macos-arm64 0.4.0 63.00 NOTE
r-release-macos-x86_64 0.4.0 84.00 NOTE
r-release-windows-x86_64 0.4.0 87.00 129.00 216.00 NOTE
r-oldrel-macos-arm64 0.4.0 69.00 NOTE
r-oldrel-macos-x86_64 0.4.0 125.00 NOTE
r-oldrel-windows-ix86+x86_64 0.4.0 225.00 141.00 366.00 NOTE

Check Details

Version: 0.4.0
Check: LazyData
Result: NOTE
     'LazyData' is specified without a 'data' directory
Flavors: r-devel-linux-x86_64-debian-clang, r-devel-linux-x86_64-debian-gcc, r-devel-linux-x86_64-fedora-clang, r-devel-linux-x86_64-fedora-gcc, r-devel-windows-x86_64, r-patched-linux-x86_64, r-release-linux-x86_64, r-release-macos-arm64, r-release-macos-x86_64, r-release-windows-x86_64, r-oldrel-macos-arm64, r-oldrel-macos-x86_64, r-oldrel-windows-ix86+x86_64

Version: 0.4.0
Check: installed package size
Result: NOTE
     installed size is 14.3Mb
     sub-directories of 1Mb or more:
     libs 13.7Mb
Flavors: r-devel-linux-x86_64-fedora-clang, r-release-macos-arm64, r-release-macos-x86_64, r-oldrel-macos-arm64, r-oldrel-macos-x86_64

Version: 0.4.0
Check: Rd cross-references
Result: NOTE
    Undeclared package ‘coda’ in Rd xrefs
Flavor: r-devel-linux-x86_64-fedora-clang