CRAN Package Check Results for Package MCDM

Last updated on 2021-12-06 19:50:44 CET.

Flavor Version Tinstall Tcheck Ttotal Status Flags
r-devel-linux-x86_64-debian-clang 1.2 2.68 32.84 35.52 NOTE
r-devel-linux-x86_64-debian-gcc 1.2 1.99 25.75 27.74 NOTE
r-devel-linux-x86_64-fedora-clang 1.2 44.83 NOTE
r-devel-linux-x86_64-fedora-gcc 1.2 33.62 NOTE
r-devel-windows-x86_64-new-UL 1.2 6.00 56.00 62.00 NOTE
r-devel-windows-x86_64-new-TK 1.2 NOTE
r-devel-windows-x86_64-old 1.2 5.00 30.00 35.00 NOTE
r-patched-linux-x86_64 1.2 2.60 23.75 26.35 NOTE
r-release-linux-x86_64 1.2 2.76 31.43 34.19 NOTE
r-release-macos-arm64 1.2 NOTE
r-release-macos-x86_64 1.2 NOTE
r-release-windows-ix86+x86_64 1.2 6.00 41.00 47.00 NOTE
r-oldrel-macos-x86_64 1.2 OK
r-oldrel-windows-ix86+x86_64 1.2 6.00 44.00 50.00 OK

Check Details

Version: 1.2
Check: LazyData
Result: NOTE
     'LazyData' is specified without a 'data' directory
Flavors: r-devel-linux-x86_64-debian-clang, r-devel-linux-x86_64-debian-gcc, r-devel-linux-x86_64-fedora-clang, r-devel-linux-x86_64-fedora-gcc, r-devel-windows-x86_64-new-UL, r-devel-windows-x86_64-new-TK, r-devel-windows-x86_64-old, r-patched-linux-x86_64, r-release-linux-x86_64, r-release-macos-arm64, r-release-macos-x86_64, r-release-windows-ix86+x86_64