CRAN Package Check Results for Package MBC

Last updated on 2021-09-22 08:50:16 CEST.

Flavor Version Tinstall Tcheck Ttotal Status Flags
r-devel-linux-x86_64-debian-clang 0.10-5 9.03 65.91 74.94 OK
r-devel-linux-x86_64-debian-gcc 0.10-5 6.79 51.21 58.00 OK
r-devel-linux-x86_64-fedora-clang 0.10-5 97.50 OK
r-devel-linux-x86_64-fedora-gcc 0.10-5 87.78 OK
r-devel-windows-x86_64 0.10-5 10.00 64.00 74.00 OK
r-devel-windows-x86_64-gcc10-UCRT 0.10-5 ERROR
r-patched-linux-x86_64 0.10-5 8.44 63.11 71.55 OK
r-patched-solaris-x86 0.10-5 133.90 OK
r-release-linux-x86_64 0.10-5 9.21 63.91 73.12 OK
r-release-macos-arm64 0.10-5 OK
r-release-macos-x86_64 0.10-5 OK
r-release-windows-ix86+x86_64 0.10-5 18.00 82.00 100.00 OK
r-oldrel-macos-x86_64 0.10-5 OK
r-oldrel-windows-ix86+x86_64 0.10-5 15.00 63.00 78.00 OK

Check Details

Version: 0.10-5
Check: PDF version of manual
Result: WARN
    LaTeX errors when creating PDF version.
    This typically indicates Rd problems.
Flavor: r-devel-windows-x86_64-gcc10-UCRT

Version: 0.10-5
Check: PDF version of manual without hyperrefs or index
Result: ERROR
    Re-running with no redirection of stdout/stderr.
Flavor: r-devel-windows-x86_64-gcc10-UCRT