CRAN Package Check Results for Package MARVEL

Last updated on 2024-02-29 07:52:40 CET.

Flavor Version Tinstall Tcheck Ttotal Status Flags
r-devel-linux-x86_64-debian-clang 1.4.0 27.07 309.99 337.06 NOTE
r-devel-linux-x86_64-debian-gcc 1.4.0 19.02 233.35 252.37 OK
r-devel-linux-x86_64-fedora-clang 1.4.0 425.74 OK
r-devel-linux-x86_64-fedora-gcc 1.4.0 411.27 OK
r-devel-windows-x86_64 1.4.0 23.00 255.00 278.00 OK
r-patched-linux-x86_64 1.4.0 26.41 301.70 328.11 OK
r-release-linux-x86_64 1.4.0 22.28 302.64 324.92 NOTE
r-release-macos-arm64 1.4.0 135.00 NOTE
r-release-macos-x86_64 1.4.0 214.00 NOTE
r-release-windows-x86_64 1.4.0 30.00 325.00 355.00 NOTE
r-oldrel-macos-arm64 1.4.0 133.00 NOTE
r-oldrel-windows-x86_64 1.4.0 33.00 300.00 333.00 NOTE

Check Details

Version: 1.4.0
Check: package dependencies
Result: NOTE Package suggested but not available for checking: ‘clusterProfiler’ Flavors: r-devel-linux-x86_64-debian-clang, r-release-linux-x86_64

Version: 1.4.0
Check: package dependencies
Result: NOTE Packages suggested but not available for checking: 'BSgenome.Hsapiens.NCBI.GRCh38', 'clusterProfiler', 'org.Mm.eg.db', 'wiggleplotr' Flavor: r-release-macos-arm64

Version: 1.4.0
Check: package dependencies
Result: NOTE Packages suggested but not available for checking: 'BSgenome.Hsapiens.NCBI.GRCh38', 'org.Mm.eg.db', 'wiggleplotr' Flavor: r-release-macos-x86_64

Version: 1.4.0
Check: package dependencies
Result: NOTE Package suggested but not available for checking: 'BSgenome.Hsapiens.NCBI.GRCh38' Flavors: r-release-windows-x86_64, r-oldrel-windows-x86_64

Version: 1.4.0
Check: package dependencies
Result: NOTE Packages suggested but not available for checking: 'BSgenome.Hsapiens.NCBI.GRCh38', 'wiggleplotr' Flavor: r-oldrel-macos-arm64