CRAN Package Check Results for Package MAINT.Data

Last updated on 2021-09-16 08:50:37 CEST.

Flavor Version Tinstall Tcheck Ttotal Status Flags
r-devel-linux-x86_64-debian-clang 2.6.1 254.64 164.63 419.27 OK
r-devel-linux-x86_64-debian-gcc 2.6.1 166.20 117.96 284.16 OK
r-devel-linux-x86_64-fedora-clang 2.6.1 550.45 NOTE
r-devel-linux-x86_64-fedora-gcc 2.6.1 523.52 OK
r-devel-windows-x86_64 2.6.1 225.00 207.00 432.00 NOTE
r-devel-windows-x86_64-gcc10-UCRT 2.6.1 OK
r-patched-linux-x86_64 2.6.1 201.09 152.25 353.34 OK
r-patched-solaris-x86 2.6.1 507.00 NOTE
r-release-linux-x86_64 2.6.1 176.45 151.82 328.27 OK
r-release-macos-arm64 2.6.1 NOTE
r-release-macos-x86_64 2.6.1 NOTE
r-release-windows-ix86+x86_64 2.6.1 536.00 249.00 785.00 NOTE
r-oldrel-macos-x86_64 2.6.1 NOTE
r-oldrel-windows-ix86+x86_64 2.6.1 399.00 224.00 623.00 NOTE

Check Details

Version: 2.6.1
Check: installed package size
Result: NOTE
     installed size is 8.9Mb
     sub-directories of 1Mb or more:
     R 1.5Mb
     data 2.3Mb
     libs 4.7Mb
Flavors: r-devel-linux-x86_64-fedora-clang, r-devel-windows-x86_64, r-patched-solaris-x86, r-release-macos-arm64, r-release-macos-x86_64, r-release-windows-ix86+x86_64, r-oldrel-macos-x86_64, r-oldrel-windows-ix86+x86_64