CRAN Package Check Results for Package LongCART

Last updated on 2021-09-23 08:51:06 CEST.

Flavor Version Tinstall Tcheck Ttotal Status Flags
r-devel-linux-x86_64-debian-clang 3.1 17.59 140.56 158.15 OK
r-devel-linux-x86_64-debian-gcc 3.1 13.10 101.26 114.36 OK
r-devel-linux-x86_64-fedora-clang 3.1 193.10 OK
r-devel-linux-x86_64-fedora-gcc 3.1 183.90 OK
r-devel-windows-x86_64 3.1 16.00 125.00 141.00 OK
r-devel-windows-x86_64-gcc10-UCRT 3.1 ERROR
r-patched-linux-x86_64 3.1 14.16 129.91 144.07 OK
r-patched-solaris-x86 3.1 245.50 OK
r-release-linux-x86_64 3.1 15.65 128.30 143.95 OK
r-release-macos-arm64 3.1 OK
r-release-macos-x86_64 3.1 OK
r-release-windows-ix86+x86_64 3.1 34.00 161.00 195.00 OK
r-oldrel-macos-x86_64 3.1 OK
r-oldrel-windows-ix86+x86_64 3.1 26.00 127.00 153.00 OK

Check Details

Version: 3.1
Check: package dependencies
Result: ERROR
    Package required but not available: 'survminer'
    
    See section 'The DESCRIPTION file' in the 'Writing R Extensions'
    manual.
Flavor: r-devel-windows-x86_64-gcc10-UCRT