CRAN Package Check Results for Package LoBrA

Last updated on 2024-02-23 07:52:12 CET.

Flavor Version Tinstall Tcheck Ttotal Status Flags
r-devel-linux-x86_64-debian-clang 1.0 OK
r-devel-linux-x86_64-debian-gcc 1.0 2.92 53.04 55.96 OK
r-devel-linux-x86_64-fedora-clang 1.0 88.92 NOTE
r-devel-linux-x86_64-fedora-gcc 1.0 100.81 NOTE
r-devel-windows-x86_64 1.0 4.00 77.00 81.00 OK
r-patched-linux-x86_64 1.0 4.41 67.89 72.30 OK
r-release-linux-x86_64 1.0 3.80 67.91 71.71 OK
r-release-macos-arm64 1.0 38.00 OK
r-release-macos-x86_64 1.0 57.00 OK
r-release-windows-x86_64 1.0 5.00 88.00 93.00 OK
r-oldrel-macos-arm64 1.0 34.00 OK
r-oldrel-windows-x86_64 1.0 5.00 88.00 93.00 OK

Check Details

Version: 1.0
Check: dependencies in R code
Result: NOTE Namespaces in Imports field not imported from: ‘RColorBrewer’ ‘base’ ‘qpdf’ All declared Imports should be used. Flavors: r-devel-linux-x86_64-fedora-clang, r-devel-linux-x86_64-fedora-gcc