CRAN Package Check Results for Package LinearDetect

Last updated on 2022-07-04 21:49:45 CEST.

Flavor Version Tinstall Tcheck Ttotal Status Flags
r-devel-linux-x86_64-debian-clang 0.1.5 58.44 134.62 193.06 NOTE
r-devel-linux-x86_64-debian-gcc 0.1.5 46.96 98.26 145.22 NOTE
r-devel-linux-x86_64-fedora-clang 0.1.5 269.66 NOTE
r-devel-linux-x86_64-fedora-gcc 0.1.5 267.30 NOTE
r-devel-windows-x86_64 0.1.5 51.00 169.00 220.00 NOTE
r-patched-linux-x86_64 0.1.5 51.45 123.04 174.49 NOTE
r-release-linux-x86_64 0.1.5 50.25 125.77 176.02 NOTE
r-release-macos-arm64 0.1.5 59.00 NOTE
r-release-macos-x86_64 0.1.5 103.00 NOTE
r-release-windows-x86_64 0.1.5 56.00 169.00 225.00 NOTE
r-oldrel-macos-arm64 0.1.5 68.00 NOTE
r-oldrel-macos-x86_64 0.1.5 102.00 NOTE
r-oldrel-windows-ix86+x86_64 0.1.5 130.00 195.00 325.00 NOTE

Check Details

Version: 0.1.5
Check: LazyData
Result: NOTE
     'LazyData' is specified without a 'data' directory
Flavors: r-devel-linux-x86_64-debian-clang, r-devel-linux-x86_64-debian-gcc, r-devel-linux-x86_64-fedora-clang, r-devel-linux-x86_64-fedora-gcc, r-devel-windows-x86_64, r-patched-linux-x86_64, r-release-linux-x86_64, r-release-macos-arm64, r-release-macos-x86_64, r-release-windows-x86_64, r-oldrel-macos-arm64, r-oldrel-macos-x86_64, r-oldrel-windows-ix86+x86_64