CRAN Package Check Results for Package Lahman

Last updated on 2020-01-23 09:52:04 CET.

Flavor Version Tinstall Tcheck Ttotal Status Flags
r-devel-linux-x86_64-debian-clang 7.0-1 9.73 74.98 84.71 NOTE
r-devel-linux-x86_64-debian-gcc 7.0-1 8.76 57.26 66.02 NOTE
r-devel-linux-x86_64-fedora-clang 7.0-1 57.92 NOTE
r-devel-linux-x86_64-fedora-gcc 7.0-1 103.52 NOTE
r-devel-windows-ix86+x86_64 7.0-1 22.00 124.00 146.00 NOTE
r-devel-windows-ix86+x86_64-gcc8 7.0-1 22.00 131.00 153.00 NOTE
r-patched-linux-x86_64 7.0-1 9.15 70.22 79.37 NOTE
r-patched-solaris-x86 7.0-1 143.80 NOTE
r-release-linux-x86_64 7.0-1 8.44 68.74 77.18 NOTE
r-release-windows-ix86+x86_64 7.0-1 14.00 84.00 98.00 NOTE
r-release-osx-x86_64 7.0-1 NOTE
r-oldrel-windows-ix86+x86_64 7.0-1 14.00 73.00 87.00 NOTE
r-oldrel-osx-x86_64 7.0-1 NOTE

Additional issues

noSuggests

Check Details

Version: 7.0-1
Check: package dependencies
Result: NOTE
    Package suggested but not available for checking: 'zipcode'
Flavors: r-devel-linux-x86_64-debian-clang, r-devel-linux-x86_64-debian-gcc, r-devel-linux-x86_64-fedora-clang, r-devel-linux-x86_64-fedora-gcc, r-patched-linux-x86_64, r-patched-solaris-x86, r-release-linux-x86_64

Version: 7.0-1
Check: installed package size
Result: NOTE
     installed size is 9.1Mb
     sub-directories of 1Mb or more:
     data 8.4Mb
Flavors: r-devel-linux-x86_64-fedora-clang, r-devel-windows-ix86+x86_64, r-devel-windows-ix86+x86_64-gcc8, r-patched-solaris-x86, r-release-windows-ix86+x86_64, r-release-osx-x86_64, r-oldrel-windows-ix86+x86_64, r-oldrel-osx-x86_64