CRAN Package Check Results for Package LTRCtrees

Last updated on 2019-12-07 08:49:32 CET.

Flavor Version Tinstall Tcheck Ttotal Status Flags
r-devel-linux-x86_64-debian-clang 1.1.0 2.30 57.68 59.98 OK
r-devel-linux-x86_64-debian-gcc 1.1.0 2.24 40.51 42.75 OK
r-devel-linux-x86_64-fedora-clang 1.1.0 65.37 OK
r-devel-linux-x86_64-fedora-gcc 1.1.0 65.44 OK
r-devel-windows-ix86+x86_64 1.1.0 6.00 63.00 69.00 OK
r-devel-windows-ix86+x86_64-gcc8 1.1.0 6.00 63.00 69.00 OK
r-patched-linux-x86_64 1.1.0 2.36 50.88 53.24 OK
r-patched-solaris-x86 1.1.0 88.20 OK
r-release-linux-x86_64 1.1.0 2.18 50.97 53.15 OK
r-release-windows-ix86+x86_64 1.1.0 7.00 60.00 67.00 OK
r-release-osx-x86_64 1.1.0 ERROR
r-oldrel-windows-ix86+x86_64 1.1.0 4.00 63.00 67.00 OK
r-oldrel-osx-x86_64 1.1.0 OK

Check Details

Version: 1.1.0
Check: package dependencies
Result: NOTE
    Package suggested but not available for checking: ‘interval’
Flavor: r-release-osx-x86_64

Version: 1.1.0
Check: examples
Result: ERROR
    Running examples in ‘LTRCtrees-Ex.R’ failed
    The error most likely occurred in:
    
    > ### Name: ICtree
    > ### Title: Fit a survival tree for interval-censored survival data
    > ### Aliases: ICtree
    >
    > ### ** Examples
    >
    > library(interval)
    Error in library(interval) : there is no package called ‘interval’
    Execution halted
Flavor: r-release-osx-x86_64

Version: 1.1.0
Check: re-building of vignette outputs
Result: WARN
    Error(s) in re-building vignettes:
     ...
    --- re-building ‘LTRCtrees.Rmd’ using rmarkdown
    Warning in engine$weave(file, quiet = quiet, encoding = enc) :
     Pandoc (>= 1.12.3) and/or pandoc-citeproc not available. Falling back to R Markdown v1.
    Warning in min(diff(sort(ux))) :
     no non-missing arguments to min; returning Inf
    Quitting from lines 199-207 (LTRCtrees.Rmd)
    Error: processing vignette 'LTRCtrees.Rmd' failed with diagnostics:
    there is no package called 'interval'
    --- failed re-building ‘LTRCtrees.Rmd’
    
    SUMMARY: processing the following file failed:
     ‘LTRCtrees.Rmd’
    
    Error: Vignette re-building failed.
    Execution halted
Flavor: r-release-osx-x86_64