CRAN Package Check Results for Package LTRCtrees

Last updated on 2020-07-05 21:47:47 CEST.

Flavor Version Tinstall Tcheck Ttotal Status Flags
r-devel-linux-x86_64-debian-clang 1.1.0 2.99 57.08 60.07 OK
r-devel-linux-x86_64-debian-gcc 1.1.0 1.96 40.26 42.22 OK
r-devel-linux-x86_64-fedora-clang 1.1.0 76.82 OK
r-devel-linux-x86_64-fedora-gcc 1.1.0 69.64 OK
r-devel-windows-ix86+x86_64 1.1.0 8.00 90.00 98.00 OK
r-patched-linux-x86_64 1.1.0 2.86 55.25 58.11 OK
r-patched-solaris-x86 1.1.0 93.40 OK
r-release-linux-x86_64 1.1.0 2.67 56.16 58.83 OK
r-release-osx-x86_64 1.1.0 OK
r-release-windows-ix86+x86_64 1.1.0 6.00 62.00 68.00 OK
r-oldrel-osx-x86_64 1.1.0 ERROR
r-oldrel-windows-ix86+x86_64 1.1.0 6.00 107.00 113.00 OK

Check Details

Version: 1.1.0
Check: package dependencies
Result: NOTE
    Package suggested but not available for checking: ‘interval’
Flavor: r-oldrel-osx-x86_64

Version: 1.1.0
Check: examples
Result: ERROR
    Running examples in ‘LTRCtrees-Ex.R’ failed
    The error most likely occurred in:
    
    > ### Name: ICtree
    > ### Title: Fit a survival tree for interval-censored survival data
    > ### Aliases: ICtree
    >
    > ### ** Examples
    >
    > library(interval)
    Error in library(interval) : there is no package called ‘interval’
    Execution halted
Flavor: r-oldrel-osx-x86_64

Version: 1.1.0
Check: re-building of vignette outputs
Result: WARN
    Error(s) in re-building vignettes:
     ...
    --- re-building ‘LTRCtrees.Rmd’ using rmarkdown
    Warning in engine$weave(file, quiet = quiet, encoding = enc) :
     Pandoc (>= 1.12.3) and/or pandoc-citeproc not available. Falling back to R Markdown v1.
    Warning in min(diff(sort(ux))) :
     no non-missing arguments to min; returning Inf
    Quitting from lines 199-207 (LTRCtrees.Rmd)
    Error: processing vignette 'LTRCtrees.Rmd' failed with diagnostics:
    there is no package called 'interval'
    --- failed re-building ‘LTRCtrees.Rmd’
    
    SUMMARY: processing the following file failed:
     ‘LTRCtrees.Rmd’
    
    Error: Vignette re-building failed.
    Execution halted
Flavor: r-oldrel-osx-x86_64