CRAN Package Check Results for Package LSTS

Last updated on 2024-02-24 19:50:43 CET.

Flavor Version Tinstall Tcheck Ttotal Status Flags
r-devel-linux-x86_64-debian-clang 2.1 6.75 79.59 86.34 NOTE
r-devel-linux-x86_64-debian-gcc 2.1 4.70 58.23 62.93 NOTE
r-devel-linux-x86_64-fedora-clang 2.1 102.75 NOTE
r-devel-linux-x86_64-fedora-gcc 2.1 98.40 NOTE
r-devel-windows-x86_64 2.1 6.00 75.00 81.00 NOTE
r-patched-linux-x86_64 2.1 6.40 76.53 82.93 NOTE
r-release-linux-x86_64 2.1 5.10 76.78 81.88 NOTE
r-release-macos-arm64 2.1 34.00 NOTE
r-release-macos-x86_64 2.1 52.00 NOTE
r-release-windows-x86_64 2.1 9.00 86.00 95.00 NOTE
r-oldrel-macos-arm64 2.1 30.00 NOTE
r-oldrel-windows-x86_64 2.1 8.00 87.00 95.00 OK

Check Details

Version: 2.1
Check: Rd files
Result: NOTE checkRd: (-1) LS.kalman.Rd:65: Escaped LaTeX specials: \& checkRd: (-1) spectral.density.Rd:55: Escaped LaTeX specials: \& Flavors: r-devel-linux-x86_64-debian-clang, r-devel-linux-x86_64-debian-gcc, r-devel-linux-x86_64-fedora-clang, r-devel-linux-x86_64-fedora-gcc, r-devel-windows-x86_64, r-patched-linux-x86_64, r-release-linux-x86_64, r-release-macos-arm64, r-release-macos-x86_64, r-release-windows-x86_64

Version: 2.1
Check: dependencies in R code
Result: NOTE Namespace in Imports field not imported from: ‘Rdpack’ All declared Imports should be used. Flavors: r-devel-linux-x86_64-fedora-clang, r-devel-linux-x86_64-fedora-gcc, r-oldrel-macos-arm64