CRAN Package Check Results for Package LSAmitR

Last updated on 2021-10-16 20:50:48 CEST.

Flavor Version Tinstall Tcheck Ttotal Status Flags
r-devel-linux-x86_64-debian-clang 1.0-2 10.97 118.50 129.47 OK
r-devel-linux-x86_64-debian-gcc 1.0-2 10.32 87.86 98.18 OK
r-devel-linux-x86_64-fedora-clang 1.0-2 166.36 NOTE
r-devel-linux-x86_64-fedora-gcc 1.0-2 158.70 NOTE
r-devel-windows-x86_64 1.0-2 21.00 114.00 135.00 OK
r-devel-windows-x86_64-gcc10-UCRT 1.0-2 NOTE
r-patched-linux-x86_64 1.0-2 11.79 111.19 122.98 OK
r-patched-solaris-x86 1.0-2 233.10 NOTE
r-release-linux-x86_64 1.0-2 11.08 110.27 121.35 OK
r-release-macos-arm64 1.0-2 NOTE
r-release-macos-x86_64 1.0-2 NOTE
r-release-windows-ix86+x86_64 1.0-2 31.00 147.00 178.00 OK
r-oldrel-macos-x86_64 1.0-2 NOTE
r-oldrel-windows-ix86+x86_64 1.0-2 30.00 146.00 176.00 OK

Check Details

Version: 1.0-2
Check: data for non-ASCII characters
Result: NOTE
     Note: found 55 marked UTF-8 strings
Flavors: r-devel-linux-x86_64-fedora-clang, r-devel-linux-x86_64-fedora-gcc, r-devel-windows-x86_64-gcc10-UCRT, r-patched-solaris-x86, r-release-macos-arm64, r-release-macos-x86_64, r-oldrel-macos-x86_64