Last updated on 2023-03-23 07:54:31 CET.
Flavor | Version | Tinstall | Tcheck | Ttotal | Status | Flags |
---|---|---|---|---|---|---|
r-devel-linux-x86_64-debian-clang | 1.0-3 | 14.66 | 131.99 | 146.65 | NOTE | |
r-devel-linux-x86_64-debian-gcc | 1.0-3 | 10.70 | 98.84 | 109.54 | NOTE | |
r-devel-linux-x86_64-fedora-clang | 1.0-3 | 190.75 | NOTE | |||
r-devel-linux-x86_64-fedora-gcc | 1.0-3 | 180.54 | NOTE | |||
r-devel-windows-x86_64 | 1.0-3 | 32.00 | 171.00 | 203.00 | OK | |
r-patched-linux-x86_64 | 1.0-3 | 14.45 | 118.75 | 133.20 | NOTE | |
r-release-linux-x86_64 | 1.0-3 | 9.68 | 120.19 | 129.87 | NOTE | |
r-release-macos-arm64 | 1.0-3 | 49.00 | NOTE | |||
r-release-macos-x86_64 | 1.0-3 | 72.00 | NOTE | |||
r-release-windows-x86_64 | 1.0-3 | 34.00 | 157.00 | 191.00 | OK | |
r-oldrel-macos-arm64 | 1.0-3 | 46.00 | NOTE | |||
r-oldrel-macos-x86_64 | 1.0-3 | 68.00 | NOTE | |||
r-oldrel-windows-ix86+x86_64 | 1.0-3 | 33.00 | 148.00 | 181.00 | OK |
Version: 1.0-3
Check: package dependencies
Result: NOTE
Package suggested but not available for checking: ‘kerdiest’
Flavors: r-devel-linux-x86_64-debian-clang, r-devel-linux-x86_64-debian-gcc, r-devel-linux-x86_64-fedora-clang, r-devel-linux-x86_64-fedora-gcc, r-patched-linux-x86_64, r-release-linux-x86_64
Version: 1.0-3
Check: data for non-ASCII characters
Result: NOTE
Note: found 55 marked UTF-8 strings
Flavors: r-devel-linux-x86_64-fedora-clang, r-devel-linux-x86_64-fedora-gcc, r-release-macos-arm64, r-release-macos-x86_64, r-oldrel-macos-arm64, r-oldrel-macos-x86_64
Version: 1.0-3
Check: package dependencies
Result: NOTE
Package suggested but not available for checking: ‘miceadds’
Flavor: r-release-macos-arm64