CRAN Package Check Results for Package LSAmitR

Last updated on 2024-02-29 07:52:39 CET.

Flavor Version Tinstall Tcheck Ttotal Status Flags
r-devel-linux-x86_64-debian-clang 1.0-3 9.96 127.12 137.08 NOTE
r-devel-linux-x86_64-debian-gcc 1.0-3 11.96 95.30 107.26 NOTE
r-devel-linux-x86_64-fedora-clang 1.0-3 178.45 NOTE
r-devel-linux-x86_64-fedora-gcc 1.0-3 176.52 NOTE
r-devel-windows-x86_64 1.0-3 14.00 117.00 131.00 NOTE
r-patched-linux-x86_64 1.0-3 12.67 123.01 135.68 NOTE
r-release-linux-x86_64 1.0-3 8.94 122.39 131.33 NOTE
r-release-macos-arm64 1.0-3 57.00 NOTE
r-release-macos-x86_64 1.0-3 88.00 NOTE
r-release-windows-x86_64 1.0-3 17.00 139.00 156.00 NOTE
r-oldrel-macos-arm64 1.0-3 49.00 NOTE
r-oldrel-windows-x86_64 1.0-3 18.00 137.00 155.00 NOTE

Check Details

Version: 1.0-3
Check: package dependencies
Result: NOTE Package suggested but not available for checking: ‘kerdiest’ Flavors: r-devel-linux-x86_64-debian-clang, r-devel-linux-x86_64-debian-gcc, r-devel-linux-x86_64-fedora-clang, r-devel-linux-x86_64-fedora-gcc, r-devel-windows-x86_64, r-patched-linux-x86_64, r-release-linux-x86_64, r-release-macos-arm64, r-release-windows-x86_64, r-oldrel-windows-x86_64

Version: 1.0-3
Check: data for non-ASCII characters
Result: NOTE Note: found 55 marked UTF-8 strings Flavors: r-devel-linux-x86_64-fedora-clang, r-devel-linux-x86_64-fedora-gcc, r-oldrel-macos-arm64

Version: 1.0-3
Check: package dependencies
Result: NOTE Packages suggested but not available for checking: 'sirt', 'kerdiest', 'car', 'mitml' Flavor: r-release-macos-x86_64

Version: 1.0-3
Check: package dependencies
Result: NOTE Package suggested but not available for checking: ‘miceadds’ Flavor: r-oldrel-macos-arm64