CRAN Package Check Results for Package LOST

Last updated on 2019-09-21 09:49:52 CEST.

Flavor Version Tinstall Tcheck Ttotal Status Flags
r-devel-linux-x86_64-debian-clang 1.3 5.80 47.90 53.70 OK
r-devel-linux-x86_64-debian-gcc 1.3 5.28 39.25 44.53 OK
r-devel-linux-x86_64-fedora-clang 1.3 65.94 OK
r-devel-linux-x86_64-fedora-gcc 1.3 64.84 OK
r-devel-windows-ix86+x86_64 1.3 33.00 63.00 96.00 OK
r-patched-linux-x86_64 1.3 6.02 47.37 53.39 OK
r-patched-solaris-x86 1.3 97.30 OK
r-release-linux-x86_64 1.3 6.33 46.92 53.25 OK
r-release-windows-ix86+x86_64 1.3 15.00 69.00 84.00 OK
r-release-osx-x86_64 1.3 ERROR
r-oldrel-windows-ix86+x86_64 1.3 10.00 68.00 78.00 OK
r-oldrel-osx-x86_64 1.3 OK

Check Details

Version: 1.3
Check: package dependencies
Result: ERROR
    Package required but not available: ‘pcaMethods’
    
    See section ‘The DESCRIPTION file’ in the ‘Writing R Extensions’
    manual.
Flavor: r-release-osx-x86_64