CRAN Package Check Results for Package LOST

Last updated on 2019-06-19 10:47:56 CEST.

Flavor Version Tinstall Tcheck Ttotal Status Flags
r-devel-linux-x86_64-debian-clang 1.3 6.30 48.07 54.37 OK
r-devel-linux-x86_64-debian-gcc 1.3 5.05 39.82 44.87 OK
r-devel-linux-x86_64-fedora-clang 1.3 65.47 OK
r-devel-linux-x86_64-fedora-gcc 1.3 63.31 OK
r-devel-windows-ix86+x86_64 1.3 23.00 90.00 113.00 OK
r-patched-linux-x86_64 1.3 6.75 49.02 55.77 OK
r-patched-solaris-x86 1.3 113.50 OK
r-release-linux-x86_64 1.3 6.54 49.40 55.94 OK
r-release-windows-ix86+x86_64 1.3 28.00 94.00 122.00 OK
r-release-osx-x86_64 1.3 ERROR
r-oldrel-windows-ix86+x86_64 1.3 10.00 109.00 119.00 OK
r-oldrel-osx-x86_64 1.3 OK

Check Details

Version: 1.3
Check: package dependencies
Result: ERROR
    Package required but not available: ‘pcaMethods’
    
    See section ‘The DESCRIPTION file’ in the ‘Writing R Extensions’
    manual.
Flavor: r-release-osx-x86_64