CRAN Package Check Results for Package LOGAN

Last updated on 2020-01-25 08:49:59 CET.

Flavor Version Tinstall Tcheck Ttotal Status Flags
r-devel-linux-x86_64-debian-clang 1.0.0 3.59 29.04 32.63 OK
r-devel-linux-x86_64-debian-gcc 1.0.0 3.38 26.24 29.62 OK
r-devel-linux-x86_64-fedora-clang 1.0.0 45.25 NOTE
r-devel-linux-x86_64-fedora-gcc 1.0.0 44.36 NOTE
r-devel-windows-ix86+x86_64 1.0.0 14.00 60.00 74.00 OK
r-devel-windows-ix86+x86_64-gcc8 1.0.0 16.00 61.00 77.00 OK
r-patched-linux-x86_64 1.0.0 3.57 31.16 34.73 OK
r-patched-solaris-x86 1.0.0 62.80 NOTE
r-release-linux-x86_64 1.0.0 3.20 30.64 33.84 OK
r-release-windows-ix86+x86_64 1.0.0 8.00 40.00 48.00 OK
r-release-osx-x86_64 1.0.0 NOTE
r-oldrel-windows-ix86+x86_64 1.0.0 5.00 40.00 45.00 OK
r-oldrel-osx-x86_64 1.0.0 NOTE

Check Details

Version: 1.0.0
Check: dependencies in R code
Result: NOTE
    Namespace in Imports field not imported from: ‘modules’
     All declared Imports should be used.
Flavors: r-devel-linux-x86_64-fedora-clang, r-devel-linux-x86_64-fedora-gcc, r-patched-solaris-x86, r-release-osx-x86_64, r-oldrel-osx-x86_64