CRAN Package Check Results for Package LOGAN

Last updated on 2019-08-23 10:48:16 CEST.

Flavor Version Tinstall Tcheck Ttotal Status Flags
r-devel-linux-x86_64-debian-clang 1.0.0 3.54 27.63 31.17 OK
r-devel-linux-x86_64-debian-gcc 1.0.0 3.40 25.48 28.88 OK
r-devel-linux-x86_64-fedora-clang 1.0.0 43.76 NOTE
r-devel-linux-x86_64-fedora-gcc 1.0.0 41.89 NOTE
r-devel-windows-ix86+x86_64 1.0.0 9.00 42.00 51.00 OK
r-patched-linux-x86_64 1.0.0 2.87 31.49 34.36 OK
r-patched-solaris-x86 1.0.0 65.50 NOTE
r-release-linux-x86_64 1.0.0 3.14 31.90 35.04 OK
r-release-windows-ix86+x86_64 1.0.0 13.00 70.00 83.00 OK
r-release-osx-x86_64 1.0.0 NOTE
r-oldrel-windows-ix86+x86_64 1.0.0 9.00 59.00 68.00 OK
r-oldrel-osx-x86_64 1.0.0 NOTE

Check Details

Version: 1.0.0
Check: dependencies in R code
Result: NOTE
    Namespace in Imports field not imported from: ‘modules’
     All declared Imports should be used.
Flavors: r-devel-linux-x86_64-fedora-clang, r-devel-linux-x86_64-fedora-gcc, r-patched-solaris-x86, r-release-osx-x86_64, r-oldrel-osx-x86_64