CRAN Package Check Results for Package LLM

Last updated on 2021-12-02 08:51:13 CET.

Flavor Version Tinstall Tcheck Ttotal Status Flags
r-devel-linux-x86_64-debian-clang 1.1.0 14.67 139.91 154.58 NOTE
r-devel-linux-x86_64-debian-gcc 1.1.0 10.65 103.85 114.50 NOTE
r-devel-linux-x86_64-fedora-clang 1.1.0 189.26 NOTE
r-devel-linux-x86_64-fedora-gcc 1.1.0 194.74 NOTE
r-devel-windows-x86_64-new-UL 1.1.0 23.00 166.00 189.00 NOTE
r-devel-windows-x86_64-new-TK 1.1.0 NOTE
r-devel-windows-x86_64-old 1.1.0 22.00 113.00 135.00 NOTE
r-patched-linux-x86_64 1.1.0 14.66 138.25 152.91 NOTE
r-release-linux-x86_64 1.1.0 13.73 135.71 149.44 NOTE
r-release-macos-arm64 1.1.0 NOTE
r-release-macos-x86_64 1.1.0 NOTE
r-release-windows-ix86+x86_64 1.1.0 30.00 148.00 178.00 NOTE
r-oldrel-macos-x86_64 1.1.0 OK
r-oldrel-windows-ix86+x86_64 1.1.0 30.00 151.00 181.00 OK

Check Details

Version: 1.1.0
Check: LazyData
Result: NOTE
     'LazyData' is specified without a 'data' directory
Flavors: r-devel-linux-x86_64-debian-clang, r-devel-linux-x86_64-debian-gcc, r-devel-linux-x86_64-fedora-clang, r-devel-linux-x86_64-fedora-gcc, r-devel-windows-x86_64-new-UL, r-devel-windows-x86_64-new-TK, r-devel-windows-x86_64-old, r-patched-linux-x86_64, r-release-linux-x86_64, r-release-macos-arm64, r-release-macos-x86_64, r-release-windows-ix86+x86_64