CRAN Package Check Results for Package LEANR

Last updated on 2020-07-14 09:50:36 CEST.

Flavor Version Tinstall Tcheck Ttotal Status Flags
r-devel-linux-x86_64-debian-clang 1.4.9 8.39 161.16 169.55 OK
r-devel-linux-x86_64-debian-gcc 1.4.9 6.56 119.48 126.04 OK
r-devel-linux-x86_64-fedora-clang 1.4.9 205.95 OK
r-devel-linux-x86_64-fedora-gcc 1.4.9 203.89 OK
r-devel-windows-ix86+x86_64 1.4.9 21.00 222.00 243.00 NOTE
r-patched-linux-x86_64 1.4.9 7.99 159.69 167.68 OK
r-patched-solaris-x86 1.4.9 250.70 OK
r-release-linux-x86_64 1.4.9 8.79 160.50 169.29 OK
r-release-macos-x86_64 1.4.9 ERROR
r-release-windows-ix86+x86_64 1.4.9 16.00 224.00 240.00 NOTE
r-oldrel-macos-x86_64 1.4.9 OK
r-oldrel-windows-ix86+x86_64 1.4.9 17.00 215.00 232.00 NOTE

Check Details

Version: 1.4.9
Check: package dependencies
Result: NOTE
    Package suggested but not available for checking: 'doMC'
Flavors: r-devel-windows-ix86+x86_64, r-release-windows-ix86+x86_64, r-oldrel-windows-ix86+x86_64

Version: 1.4.9
Check: whether package can be installed
Result: ERROR
    Installation failed.
Flavor: r-release-macos-x86_64