CRAN Package Check Results for Package L0Learn

Last updated on 2021-09-24 20:48:49 CEST.

Flavor Version Tinstall Tcheck Ttotal Status Flags
r-devel-linux-x86_64-debian-clang 2.0.3 250.85 136.84 387.69 OK
r-devel-linux-x86_64-debian-gcc 2.0.3 186.17 123.90 310.07 OK
r-devel-linux-x86_64-fedora-clang 2.0.3 556.49 NOTE
r-devel-linux-x86_64-fedora-gcc 2.0.3 515.26 OK
r-devel-windows-x86_64 2.0.3 217.00 162.00 379.00 OK
r-devel-windows-x86_64-gcc10-UCRT 2.0.3 OK
r-patched-linux-x86_64 2.0.3 221.36 160.14 381.50 OK
r-patched-solaris-x86 2.0.3 523.10 OK
r-release-linux-x86_64 2.0.3 218.71 157.65 376.36 OK
r-release-macos-arm64 2.0.3 NOTE
r-release-macos-x86_64 2.0.3 NOTE
r-release-windows-ix86+x86_64 2.0.3 576.00 276.00 852.00 NOTE
r-oldrel-macos-x86_64 2.0.3 NOTE
r-oldrel-windows-ix86+x86_64 2.0.3 435.00 202.00 637.00 NOTE

Check Details

Version: 2.0.3
Check: installed package size
Result: NOTE
     installed size is 17.0Mb
     sub-directories of 1Mb or more:
     doc 2.4Mb
     libs 14.4Mb
Flavors: r-devel-linux-x86_64-fedora-clang, r-release-macos-arm64, r-release-macos-x86_64, r-release-windows-ix86+x86_64, r-oldrel-macos-x86_64, r-oldrel-windows-ix86+x86_64