CRAN Package Check Results for Package KneeArrower

Last updated on 2021-12-04 07:50:24 CET.

Flavor Version Tinstall Tcheck Ttotal Status Flags
r-devel-linux-x86_64-debian-clang 1.0.0 1.82 32.60 34.42 NOTE
r-devel-linux-x86_64-debian-gcc 1.0.0 1.67 26.16 27.83 NOTE
r-devel-linux-x86_64-fedora-clang 1.0.0 44.11 NOTE
r-devel-linux-x86_64-fedora-gcc 1.0.0 34.03 NOTE
r-devel-windows-x86_64-new-UL 1.0.0 6.00 60.00 66.00 NOTE
r-devel-windows-x86_64-new-TK 1.0.0 NOTE
r-devel-windows-x86_64-old 1.0.0 4.00 35.00 39.00 NOTE
r-patched-linux-x86_64 1.0.0 2.10 23.30 25.40 NOTE
r-release-linux-x86_64 1.0.0 1.89 23.07 24.96 NOTE
r-release-macos-arm64 1.0.0 NOTE
r-release-macos-x86_64 1.0.0 NOTE
r-release-windows-ix86+x86_64 1.0.0 6.00 40.00 46.00 NOTE
r-oldrel-macos-x86_64 1.0.0 OK
r-oldrel-windows-ix86+x86_64 1.0.0 6.00 43.00 49.00 OK

Check Details

Version: 1.0.0
Check: LazyData
Result: NOTE
     'LazyData' is specified without a 'data' directory
Flavors: r-devel-linux-x86_64-debian-clang, r-devel-linux-x86_64-debian-gcc, r-devel-linux-x86_64-fedora-clang, r-devel-linux-x86_64-fedora-gcc, r-devel-windows-x86_64-new-UL, r-devel-windows-x86_64-new-TK, r-devel-windows-x86_64-old, r-patched-linux-x86_64, r-release-linux-x86_64, r-release-macos-arm64, r-release-macos-x86_64, r-release-windows-ix86+x86_64