CRAN Package Check Results for Package Karen

Last updated on 2024-02-21 19:53:17 CET.

Flavor Version Tinstall Tcheck Ttotal Status Flags
r-devel-linux-x86_64-debian-clang 1.0 NOTE
r-devel-linux-x86_64-debian-gcc 1.0 10.34 78.09 88.43 NOTE
r-devel-linux-x86_64-fedora-clang 1.0 OK
r-devel-linux-x86_64-fedora-gcc 1.0 149.25 OK
r-devel-windows-x86_64 1.0 12.00 115.00 127.00 OK
r-patched-linux-x86_64 1.0 12.70 101.88 114.58 OK
r-release-linux-x86_64 1.0 11.61 99.00 110.61 OK
r-release-macos-arm64 1.0 55.00 OK
r-release-macos-x86_64 1.0 104.00 OK
r-release-windows-x86_64 1.0 14.00 135.00 149.00 OK
r-oldrel-macos-arm64 1.0 48.00 OK
r-oldrel-windows-x86_64 1.0 16.00 141.00 157.00 OK

Check Details

Version: 1.0
Check: Rd files
Result: NOTE checkRd: (-1) get.fit.Rd:46: Lost braces in \itemize; meant \describe ? checkRd: (-1) get.fit.Rd:47: Lost braces in \itemize; meant \describe ? checkRd: (-1) get.fit.Rd:48-49: Lost braces in \itemize; meant \describe ? checkRd: (-1) get.fit.Rd:50-51: Lost braces in \itemize; meant \describe ? checkRd: (-1) get.fit.Rd:52-54: Lost braces in \itemize; meant \describe ? checkRd: (-1) get.fit.Rd:55: Lost braces in \itemize; meant \describe ? checkRd: (-1) get.fit.Rd:56: Lost braces in \itemize; meant \describe ? checkRd: (-1) get.fit.Rd:57-60: Lost braces in \itemize; meant \describe ? checkRd: (-1) get.fit.Rd:61-62: Lost braces in \itemize; meant \describe ? checkRd: (-1) get.fit.Rd:63-64: Lost braces in \itemize; meant \describe ? checkRd: (-1) get.fit.Rd:70: Lost braces in \itemize; \value handles \item{}{} directly checkRd: (-1) get.fit.Rd:71: Lost braces in \itemize; \value handles \item{}{} directly checkRd: (-1) get.fit.Rd:72: Lost braces in \itemize; \value handles \item{}{} directly checkRd: (-1) get.fit.Rd:73: Lost braces in \itemize; \value handles \item{}{} directly checkRd: (-1) get.fit.Rd:74: Lost braces in \itemize; \value handles \item{}{} directly checkRd: (-1) get.fit.Rd:75: Lost braces in \itemize; \value handles \item{}{} directly checkRd: (-1) get.fit.Rd:76: Lost braces in \itemize; \value handles \item{}{} directly checkRd: (-1) get.fit.Rd:77: Lost braces in \itemize; \value handles \item{}{} directly checkRd: (-1) get.fit.Rd:78: Lost braces in \itemize; \value handles \item{}{} directly checkRd: (-1) get.fit.Rd:79: Lost braces in \itemize; \value handles \item{}{} directly checkRd: (-1) get.fit.Rd:80: Lost braces in \itemize; \value handles \item{}{} directly checkRd: (-1) get.sim.trajectories.Rd:66: Lost braces in \itemize; \value handles \item{}{} directly checkRd: (-1) get.sim.trajectories.Rd:67: Lost braces in \itemize; \value handles \item{}{} directly Flavors: r-devel-linux-x86_64-debian-clang, r-devel-linux-x86_64-debian-gcc