Last updated on 2023-03-31 08:54:03 CEST.
Flavor | Version | Tinstall | Tcheck | Ttotal | Status | Flags |
---|---|---|---|---|---|---|
r-devel-linux-x86_64-debian-clang | 0.1.1 | 3.07 | 142.50 | 145.57 | OK | |
r-devel-linux-x86_64-debian-gcc | 0.1.1 | 2.88 | 102.52 | 105.40 | OK | |
r-devel-linux-x86_64-fedora-clang | 0.1.1 | 185.51 | NOTE | |||
r-devel-linux-x86_64-fedora-gcc | 0.1.1 | 192.64 | NOTE | |||
r-devel-windows-x86_64 | 0.1.1 | 26.00 | 203.00 | 229.00 | OK | |
r-patched-linux-x86_64 | 0.1.1 | 3.76 | 136.55 | 140.31 | OK | |
r-release-linux-x86_64 | 0.1.1 | 3.29 | 139.18 | 142.47 | OK | |
r-release-macos-arm64 | 0.1.1 | 50.00 | NOTE | |||
r-release-macos-x86_64 | 0.1.1 | 80.00 | NOTE | |||
r-release-windows-x86_64 | 0.1.1 | 29.00 | 223.00 | 252.00 | OK | |
r-oldrel-macos-arm64 | 0.1.1 | 45.00 | NOTE | |||
r-oldrel-macos-x86_64 | 0.1.1 | 62.00 | NOTE | |||
r-oldrel-windows-ix86+x86_64 | 0.1.1 | 11.00 | 171.00 | 182.00 | OK |
Version: 0.1.1
Check: dependencies in R code
Result: NOTE
Namespaces in Imports field not imported from:
‘Superpower’ ‘pwr’ ‘shinydashboard’
All declared Imports should be used.
Flavors: r-devel-linux-x86_64-fedora-clang, r-devel-linux-x86_64-fedora-gcc, r-release-macos-arm64, r-release-macos-x86_64, r-oldrel-macos-arm64, r-oldrel-macos-x86_64