CRAN Package Check Results for Package JuliaCall

Last updated on 2021-09-22 08:50:14 CEST.

Flavor Version Tinstall Tcheck Ttotal Status Flags
r-devel-linux-x86_64-debian-clang 0.17.4 23.63 38.73 62.36 OK
r-devel-linux-x86_64-debian-gcc 0.17.4 13.50 29.79 43.29 OK
r-devel-linux-x86_64-fedora-clang 0.17.4 86.70 OK
r-devel-linux-x86_64-fedora-gcc 0.17.4 70.06 OK
r-devel-windows-x86_64 0.17.4 22.00 52.00 74.00 OK
r-devel-windows-x86_64-gcc10-UCRT 0.17.4 ERROR
r-patched-linux-x86_64 0.17.4 19.19 37.39 56.58 OK
r-patched-solaris-x86 0.17.4 92.70 OK
r-release-linux-x86_64 0.17.4 16.96 37.20 54.16 OK
r-release-macos-arm64 0.17.4 OK
r-release-macos-x86_64 0.17.4 OK
r-release-windows-ix86+x86_64 0.17.4 56.00 82.00 138.00 OK
r-oldrel-macos-x86_64 0.17.4 OK
r-oldrel-windows-ix86+x86_64 0.17.4 39.00 62.00 101.00 OK

Check Details

Version: 0.17.4
Check: whether package can be installed
Result: ERROR
    Installation failed.
Flavor: r-devel-windows-x86_64-gcc10-UCRT