CRAN Package Check Results for Package JPEN

Last updated on 2021-09-21 08:49:50 CEST.

Flavor Version Tinstall Tcheck Ttotal Status Flags
r-devel-linux-x86_64-debian-clang 1.0 2.12 25.51 27.63 OK
r-devel-linux-x86_64-debian-gcc 1.0 1.70 20.41 22.11 OK
r-devel-linux-x86_64-fedora-clang 1.0 41.30 OK
r-devel-linux-x86_64-fedora-gcc 1.0 30.71 OK
r-devel-windows-x86_64 1.0 3.00 33.00 36.00 OK
r-devel-windows-x86_64-gcc10-UCRT 1.0 ERROR
r-patched-linux-x86_64 1.0 1.96 25.46 27.42 OK
r-patched-solaris-x86 1.0 50.00 OK
r-release-linux-x86_64 1.0 2.12 24.98 27.10 OK
r-release-macos-arm64 1.0 OK
r-release-macos-x86_64 1.0 OK
r-release-windows-ix86+x86_64 1.0 5.00 41.00 46.00 OK
r-oldrel-macos-x86_64 1.0 OK
r-oldrel-windows-ix86+x86_64 1.0 4.00 43.00 47.00 OK

Check Details

Version: 1.0
Check: whether package can be installed
Result: WARN
    Found the following significant warnings:
     WARNING: installation-time patches will not be applied, could not get the patches index
Flavor: r-devel-windows-x86_64-gcc10-UCRT

Version: 1.0
Check: PDF version of manual
Result: WARN
    LaTeX errors when creating PDF version.
    This typically indicates Rd problems.
Flavor: r-devel-windows-x86_64-gcc10-UCRT

Version: 1.0
Check: PDF version of manual without hyperrefs or index
Result: ERROR
    Re-running with no redirection of stdout/stderr.
Flavor: r-devel-windows-x86_64-gcc10-UCRT