CRAN Package Check Results for Package JBrowseR

Last updated on 2021-11-29 07:51:13 CET.

Flavor Version Tinstall Tcheck Ttotal Status Flags
r-devel-linux-x86_64-debian-clang 0.9.0 OK
r-devel-linux-x86_64-debian-gcc 0.9.0 2.59 27.65 30.24 OK
r-devel-linux-x86_64-fedora-clang 0.9.0 57.97 NOTE
r-devel-linux-x86_64-fedora-gcc 0.9.0 45.63 NOTE
r-devel-windows-x86_64-new-UL 0.9.0 13.00 84.00 97.00 OK
r-devel-windows-x86_64-new-TK 0.9.0 NOTE
r-devel-windows-x86_64-old 0.9.0 5.00 53.00 58.00 OK
r-patched-linux-x86_64 0.9.0 3.13 34.37 37.50 OK
r-patched-solaris-x86 0.9.0 72.10 NOTE
r-release-linux-x86_64 0.9.0 2.47 35.17 37.64 OK
r-release-macos-arm64 0.9.0 NOTE
r-release-macos-x86_64 0.9.0 NOTE
r-release-windows-ix86+x86_64 0.9.0 7.00 55.00 62.00 OK
r-oldrel-macos-x86_64 0.9.0 NOTE
r-oldrel-windows-ix86+x86_64 0.9.0 16.00 58.00 74.00 OK

Check Details

Version: 0.9.0
Check: dependencies in R code
Result: NOTE
    Namespace in Imports field not imported from: ‘ids’
     All declared Imports should be used.
Flavors: r-devel-linux-x86_64-fedora-clang, r-devel-linux-x86_64-fedora-gcc, r-devel-windows-x86_64-new-TK, r-patched-solaris-x86, r-release-macos-arm64, r-release-macos-x86_64, r-oldrel-macos-x86_64