CRAN Package Check Results for Package IsoriX

Last updated on 2019-10-21 09:51:15 CEST.

Flavor Version Tinstall Tcheck Ttotal Status Flags
r-devel-linux-x86_64-debian-clang 0.8.1 15.18 125.94 141.12 OK
r-devel-linux-x86_64-debian-gcc 0.8.1 13.18 97.72 110.90 OK
r-devel-linux-x86_64-fedora-clang 0.8.1 172.25 OK
r-devel-linux-x86_64-fedora-gcc 0.8.1 168.73 OK
r-devel-windows-ix86+x86_64 0.8.1 26.00 127.00 153.00 OK
r-patched-linux-x86_64 0.8.1 14.67 123.60 138.27 OK
r-patched-solaris-x86 0.8.1 245.10 OK
r-release-linux-x86_64 0.8.1 14.59 125.25 139.84 OK
r-release-windows-ix86+x86_64 0.8.1 35.00 127.00 162.00 OK
r-release-osx-x86_64 0.8.1 FAIL
r-oldrel-windows-ix86+x86_64 0.8.1 17.00 130.00 147.00 OK
r-oldrel-osx-x86_64 0.8.1 OK

Check Details

Version: 0.8.1
Check: dependencies in R code
Result: FAIL
    
Flavor: r-release-osx-x86_64