CRAN Package Check Results for Package InterpretMSSpectrum

Last updated on 2021-09-22 08:50:13 CEST.

Flavor Version Tinstall Tcheck Ttotal Status Flags
r-devel-linux-x86_64-debian-clang 1.2 6.16 48.37 54.53 OK
r-devel-linux-x86_64-debian-gcc 1.2 5.29 36.62 41.91 OK
r-devel-linux-x86_64-fedora-clang 1.2 73.26 OK
r-devel-linux-x86_64-fedora-gcc 1.2 63.02 OK
r-devel-windows-x86_64 1.2 9.00 54.00 63.00 OK
r-devel-windows-x86_64-gcc10-UCRT 1.2 ERROR
r-patched-linux-x86_64 1.2 6.10 46.64 52.74 OK
r-patched-solaris-x86 1.2 90.60 OK
r-release-linux-x86_64 1.2 6.93 46.72 53.65 OK
r-release-macos-arm64 1.2 OK
r-release-macos-x86_64 1.2 ERROR
r-release-windows-ix86+x86_64 1.2 15.00 66.00 81.00 OK
r-oldrel-macos-x86_64 1.2 ERROR
r-oldrel-windows-ix86+x86_64 1.2 9.00 51.00 60.00 OK

Check Details

Version: 1.2
Check: PDF version of manual
Result: WARN
    LaTeX errors when creating PDF version.
    This typically indicates Rd problems.
Flavor: r-devel-windows-x86_64-gcc10-UCRT

Version: 1.2
Check: PDF version of manual without hyperrefs or index
Result: ERROR
    Re-running with no redirection of stdout/stderr.
Flavor: r-devel-windows-x86_64-gcc10-UCRT

Version: 1.2
Check: package dependencies
Result: ERROR
    Package required but not available: ‘Rdisop’
    
    See section ‘The DESCRIPTION file’ in the ‘Writing R Extensions’
    manual.
Flavors: r-release-macos-x86_64, r-oldrel-macos-x86_64