CRAN Package Check Results for Package InjurySeverityScore

Last updated on 2021-09-22 08:50:13 CEST.

Flavor Version Tinstall Tcheck Ttotal Status Flags
r-devel-linux-x86_64-debian-clang 0.0.0.2 1.78 23.11 24.89 NOTE
r-devel-linux-x86_64-debian-gcc 0.0.0.2 1.57 18.01 19.58 NOTE
r-devel-linux-x86_64-fedora-clang 0.0.0.2 39.59 NOTE
r-devel-linux-x86_64-fedora-gcc 0.0.0.2 28.54 NOTE
r-devel-windows-x86_64 0.0.0.2 4.00 29.00 33.00 NOTE
r-devel-windows-x86_64-gcc10-UCRT 0.0.0.2 ERROR
r-patched-linux-x86_64 0.0.0.2 1.78 22.02 23.80 NOTE
r-patched-solaris-x86 0.0.0.2 46.50 NOTE
r-release-linux-x86_64 0.0.0.2 1.84 21.88 23.72 NOTE
r-release-macos-arm64 0.0.0.2 NOTE
r-release-macos-x86_64 0.0.0.2 NOTE
r-release-windows-ix86+x86_64 0.0.0.2 5.00 37.00 42.00 NOTE
r-oldrel-macos-x86_64 0.0.0.2 OK
r-oldrel-windows-ix86+x86_64 0.0.0.2 4.00 32.00 36.00 OK

Check Details

Version: 0.0.0.2
Check: LazyData
Result: NOTE
     'LazyData' is specified without a 'data' directory
Flavors: r-devel-linux-x86_64-debian-clang, r-devel-linux-x86_64-debian-gcc, r-devel-linux-x86_64-fedora-clang, r-devel-linux-x86_64-fedora-gcc, r-devel-windows-x86_64, r-devel-windows-x86_64-gcc10-UCRT, r-patched-linux-x86_64, r-patched-solaris-x86, r-release-linux-x86_64, r-release-macos-arm64, r-release-macos-x86_64, r-release-windows-ix86+x86_64

Version: 0.0.0.2
Check: PDF version of manual
Result: WARN
    LaTeX errors when creating PDF version.
    This typically indicates Rd problems.
Flavor: r-devel-windows-x86_64-gcc10-UCRT

Version: 0.0.0.2
Check: PDF version of manual without hyperrefs or index
Result: ERROR
    Re-running with no redirection of stdout/stderr.
Flavor: r-devel-windows-x86_64-gcc10-UCRT