Last updated on 2023-01-31 19:56:25 CET.
Flavor | Version | Tinstall | Tcheck | Ttotal | Status | Flags |
---|---|---|---|---|---|---|
r-devel-linux-x86_64-debian-clang | 1.4.5 | 15.74 | 119.07 | 134.81 | OK | |
r-devel-linux-x86_64-debian-gcc | 1.4.5 | 11.82 | 86.91 | 98.73 | OK | |
r-devel-linux-x86_64-fedora-clang | 1.4.5 | 185.24 | NOTE | |||
r-devel-linux-x86_64-fedora-gcc | 1.4.5 | 181.64 | NOTE | |||
r-devel-windows-x86_64 | 1.4.5 | 25.00 | 124.00 | 149.00 | OK | |
r-patched-linux-x86_64 | 1.4.5 | 12.33 | 120.14 | 132.47 | OK | |
r-release-linux-x86_64 | 1.4.5 | 15.95 | 121.78 | 137.73 | OK | |
r-release-macos-arm64 | 1.4.5 | 49.00 | NOTE | |||
r-release-macos-x86_64 | 1.4.5 | 68.00 | NOTE | |||
r-release-windows-x86_64 | 1.4.5 | 23.00 | 138.00 | 161.00 | OK | |
r-oldrel-macos-arm64 | 1.4.5 | 51.00 | NOTE | |||
r-oldrel-macos-x86_64 | 1.4.5 | 67.00 | NOTE | |||
r-oldrel-windows-ix86+x86_64 | 1.4.5 | 29.00 | 126.00 | 155.00 | OK |
Version: 1.4.5
Check: dependencies in R code
Result: NOTE
Namespace in Imports field not imported from: ‘svglite’
All declared Imports should be used.
Flavors: r-devel-linux-x86_64-fedora-clang, r-devel-linux-x86_64-fedora-gcc, r-release-macos-arm64, r-release-macos-x86_64, r-oldrel-macos-arm64, r-oldrel-macos-x86_64