Last updated on 2023-02-01 19:54:11 CET.
Flavor | Version | Tinstall | Tcheck | Ttotal | Status | Flags |
---|---|---|---|---|---|---|
r-devel-linux-x86_64-debian-clang | 1.1.0 | 7.48 | 57.66 | 65.14 | NOTE | |
r-devel-linux-x86_64-debian-gcc | 1.1.0 | 5.48 | 42.80 | 48.28 | NOTE | |
r-devel-linux-x86_64-fedora-clang | 1.1.0 | 90.16 | NOTE | |||
r-devel-linux-x86_64-fedora-gcc | 1.1.0 | 98.21 | NOTE | |||
r-devel-windows-x86_64 | 1.1.0 | 15.00 | 79.00 | 94.00 | NOTE | |
r-patched-linux-x86_64 | 1.1.0 | 7.44 | 55.81 | 63.25 | NOTE | |
r-release-linux-x86_64 | 1.1.0 | 6.16 | 60.24 | 66.40 | NOTE | |
r-release-macos-arm64 | 1.1.0 | 27.00 | NOTE | |||
r-release-macos-x86_64 | 1.1.0 | 52.00 | NOTE | |||
r-release-windows-x86_64 | 1.1.0 | 12.00 | 99.00 | 111.00 | NOTE | |
r-oldrel-macos-arm64 | 1.1.0 | 31.00 | NOTE | |||
r-oldrel-macos-x86_64 | 1.1.0 | 52.00 | NOTE | |||
r-oldrel-windows-ix86+x86_64 | 1.1.0 | 18.00 | 82.00 | 100.00 | NOTE |
Version: 1.1.0
Check: LazyData
Result: NOTE
'LazyData' is specified without a 'data' directory
Flavors: r-devel-linux-x86_64-debian-clang, r-devel-linux-x86_64-debian-gcc, r-devel-linux-x86_64-fedora-clang, r-devel-linux-x86_64-fedora-gcc, r-devel-windows-x86_64, r-patched-linux-x86_64, r-release-linux-x86_64, r-release-macos-arm64, r-release-macos-x86_64, r-release-windows-x86_64, r-oldrel-macos-arm64, r-oldrel-macos-x86_64, r-oldrel-windows-ix86+x86_64
Version: 1.1.0
Check: dependencies in R code
Result: NOTE
Namespace in Imports field not imported from: ‘optimr’
All declared Imports should be used.
Flavors: r-devel-linux-x86_64-fedora-clang, r-devel-linux-x86_64-fedora-gcc, r-release-macos-arm64, r-release-macos-x86_64, r-oldrel-macos-arm64, r-oldrel-macos-x86_64