CRAN Package Check Results for Package IndianTaxCalc

Last updated on 2021-09-20 08:50:22 CEST.

Flavor Version Tinstall Tcheck Ttotal Status Flags
r-devel-linux-x86_64-debian-clang 1.0.2 1.71 20.32 22.03 OK
r-devel-linux-x86_64-debian-gcc 1.0.2 1.42 16.20 17.62 OK
r-devel-linux-x86_64-fedora-clang 1.0.2 36.46 OK
r-devel-linux-x86_64-fedora-gcc 1.0.2 25.59 OK
r-devel-windows-x86_64 1.0.2 3.00 25.00 28.00 OK
r-devel-windows-x86_64-gcc10-UCRT 1.0.2 ERROR
r-patched-linux-x86_64 1.0.2 1.70 19.91 21.61 OK
r-patched-solaris-x86 1.0.2 41.50 OK
r-release-linux-x86_64 1.0.2 1.58 20.00 21.58 OK
r-release-macos-arm64 1.0.2 OK
r-release-macos-x86_64 1.0.2 OK
r-release-windows-ix86+x86_64 1.0.2 5.00 30.00 35.00 OK
r-oldrel-macos-x86_64 1.0.2 OK
r-oldrel-windows-ix86+x86_64 1.0.2 5.00 30.00 35.00 OK

Check Details

Version: 1.0.2
Check: whether package can be installed
Result: WARN
    Found the following significant warnings:
     WARNING: installation-time patches will not be applied, could not get the patches index
Flavor: r-devel-windows-x86_64-gcc10-UCRT

Version: 1.0.2
Check: PDF version of manual
Result: WARN
    LaTeX errors when creating PDF version.
    This typically indicates Rd problems.
Flavor: r-devel-windows-x86_64-gcc10-UCRT

Version: 1.0.2
Check: PDF version of manual without hyperrefs or index
Result: ERROR
    Re-running with no redirection of stdout/stderr.
Flavor: r-devel-windows-x86_64-gcc10-UCRT