CRAN Package Check Results for Package IndexConstruction

Last updated on 2021-09-22 08:50:13 CEST.

Flavor Version Tinstall Tcheck Ttotal Status Flags
r-devel-linux-x86_64-debian-clang 0.1-3 14.84 115.30 130.14 OK
r-devel-linux-x86_64-debian-gcc 0.1-3 12.42 84.36 96.78 OK
r-devel-linux-x86_64-fedora-clang 0.1-3 159.75 OK
r-devel-linux-x86_64-fedora-gcc 0.1-3 148.72 OK
r-devel-windows-x86_64 0.1-3 15.00 109.00 124.00 OK
r-devel-windows-x86_64-gcc10-UCRT 0.1-3 ERROR
r-patched-linux-x86_64 0.1-3 14.78 108.76 123.54 OK
r-patched-solaris-x86 0.1-3 190.20 OK
r-release-linux-x86_64 0.1-3 14.95 109.03 123.98 OK
r-release-macos-arm64 0.1-3 OK
r-release-macos-x86_64 0.1-3 OK
r-release-windows-ix86+x86_64 0.1-3 32.00 129.00 161.00 OK
r-oldrel-macos-x86_64 0.1-3 OK
r-oldrel-windows-ix86+x86_64 0.1-3 27.00 100.00 127.00 OK

Check Details

Version: 0.1-3
Check: PDF version of manual
Result: WARN
    LaTeX errors when creating PDF version.
    This typically indicates Rd problems.
Flavor: r-devel-windows-x86_64-gcc10-UCRT

Version: 0.1-3
Check: PDF version of manual without hyperrefs or index
Result: ERROR
    Re-running with no redirection of stdout/stderr.
Flavor: r-devel-windows-x86_64-gcc10-UCRT