CRAN Package Check Results for Package ITNr

Last updated on 2020-01-25 08:49:58 CET.

Flavor Version Tinstall Tcheck Ttotal Status Flags
r-devel-linux-x86_64-debian-clang 0.3.0 5.32 44.54 49.86 OK
r-devel-linux-x86_64-debian-gcc 0.3.0 4.21 34.54 38.75 OK
r-devel-linux-x86_64-fedora-clang 0.3.0 58.56 WARN
r-devel-linux-x86_64-fedora-gcc 0.3.0 33.86 NOTE
r-devel-windows-ix86+x86_64 0.3.0 18.00 80.00 98.00 OK
r-devel-windows-ix86+x86_64-gcc8 0.3.0 23.00 66.00 89.00 OK
r-patched-linux-x86_64 0.3.0 3.49 39.86 43.35 OK
r-patched-solaris-x86 0.3.0 80.00 NOTE
r-release-linux-x86_64 0.3.0 4.55 39.72 44.27 OK
r-release-windows-ix86+x86_64 0.3.0 9.00 80.00 89.00 OK
r-release-osx-x86_64 0.3.0 NOTE
r-oldrel-windows-ix86+x86_64 0.3.0 6.00 49.00 55.00 OK
r-oldrel-osx-x86_64 0.3.0 NOTE

Check Details

Version: 0.3.0
Check: package dependencies
Result: WARN
    Requires orphaned package: ‘tnet’
Flavor: r-devel-linux-x86_64-fedora-clang

Version: 0.3.0
Check: dependencies in R code
Result: NOTE
    Namespace in Imports field not imported from: ‘comtradr’
     All declared Imports should be used.
Flavors: r-devel-linux-x86_64-fedora-clang, r-devel-linux-x86_64-fedora-gcc, r-patched-solaris-x86, r-release-osx-x86_64, r-oldrel-osx-x86_64