Last updated on 2023-12-04 18:52:18 CET.
Flavor | Version | Tinstall | Tcheck | Ttotal | Status | Flags |
---|---|---|---|---|---|---|
r-devel-linux-x86_64-debian-clang | 2.5.5 | 32.49 | 304.15 | 336.64 | NOTE | |
r-devel-linux-x86_64-debian-gcc | 2.5.5 | 29.26 | 217.44 | 246.70 | NOTE | |
r-devel-linux-x86_64-fedora-clang | 2.5.5 | 408.22 | NOTE | |||
r-devel-linux-x86_64-fedora-gcc | 2.5.5 | 395.73 | NOTE | |||
r-devel-windows-x86_64 | 2.5.5 | 26.00 | 199.00 | 225.00 | OK | |
r-patched-linux-x86_64 | 2.5.5 | 21.25 | 280.44 | 301.69 | OK | |
r-release-linux-x86_64 | 2.5.5 | 23.10 | 274.39 | 297.49 | OK | |
r-release-macos-arm64 | 2.5.5 | 92.00 | OK | |||
r-release-macos-x86_64 | 2.5.5 | 289.00 | OK | |||
r-release-windows-x86_64 | 2.5.5 | 35.00 | 255.00 | 290.00 | OK | |
r-oldrel-macos-arm64 | 2.5.5 | 90.00 | OK | |||
r-oldrel-macos-x86_64 | 2.5.5 | 130.00 | OK | |||
r-oldrel-windows-x86_64 | 2.5.5 | 38.00 | 249.00 | 287.00 | OK |
Version: 2.5.5
Check: Rd files
Result: NOTE
checkRd: (-1) is_israd_database.Rd:19: Lost braces in \itemize; meant \describe ?
checkRd: (-1) is_israd_database.Rd:20: Lost braces in \itemize; meant \describe ?
checkRd: (-1) is_israd_database.Rd:21: Lost braces in \itemize; meant \describe ?
checkRd: (-1) is_israd_database.Rd:22: Lost braces in \itemize; meant \describe ?
checkRd: (-1) is_israd_database.Rd:23: Lost braces in \itemize; meant \describe ?
checkRd: (-1) is_israd_database.Rd:24: Lost braces in \itemize; meant \describe ?
checkRd: (-1) is_israd_database.Rd:25: Lost braces in \itemize; meant \describe ?
checkRd: (-1) is_israd_database.Rd:26: Lost braces in \itemize; meant \describe ?
Flavors: r-devel-linux-x86_64-debian-clang, r-devel-linux-x86_64-debian-gcc
Version: 2.5.5
Check: data for non-ASCII characters
Result: NOTE
Note: found 1 marked UTF-8 string
Flavors: r-devel-linux-x86_64-fedora-clang, r-devel-linux-x86_64-fedora-gcc