Last updated on 2025-01-16 19:48:28 CET.
Flavor | Version | Tinstall | Tcheck | Ttotal | Status | Flags |
---|---|---|---|---|---|---|
r-devel-linux-x86_64-debian-clang | 2.5.5 | 26.14 | 229.80 | 255.94 | NOTE | |
r-devel-linux-x86_64-debian-gcc | 2.5.5 | 18.47 | 145.46 | 163.93 | NOTE | |
r-devel-linux-x86_64-fedora-clang | 2.5.5 | 425.77 | NOTE | |||
r-devel-linux-x86_64-fedora-gcc | 2.5.5 | 387.60 | NOTE | |||
r-devel-windows-x86_64 | 2.5.5 | 25.00 | 189.00 | 214.00 | NOTE | |
r-patched-linux-x86_64 | 2.5.5 | 25.81 | 213.41 | 239.22 | NOTE | |
r-release-linux-x86_64 | 2.5.5 | 25.27 | 214.34 | 239.61 | NOTE | |
r-release-macos-arm64 | 2.5.5 | 88.00 | NOTE | |||
r-release-macos-x86_64 | 2.5.5 | 140.00 | NOTE | |||
r-release-windows-x86_64 | 2.5.5 | 23.00 | 197.00 | 220.00 | NOTE | |
r-oldrel-macos-arm64 | 2.5.5 | 92.00 | OK | |||
r-oldrel-macos-x86_64 | 2.5.5 | 289.00 | OK | |||
r-oldrel-windows-x86_64 | 2.5.5 | 34.00 | 248.00 | 282.00 | OK |
Version: 2.5.5
Check: Rd files
Result: NOTE
checkRd: (-1) is_israd_database.Rd:19: Lost braces in \itemize; meant \describe ?
checkRd: (-1) is_israd_database.Rd:20: Lost braces in \itemize; meant \describe ?
checkRd: (-1) is_israd_database.Rd:21: Lost braces in \itemize; meant \describe ?
checkRd: (-1) is_israd_database.Rd:22: Lost braces in \itemize; meant \describe ?
checkRd: (-1) is_israd_database.Rd:23: Lost braces in \itemize; meant \describe ?
checkRd: (-1) is_israd_database.Rd:24: Lost braces in \itemize; meant \describe ?
checkRd: (-1) is_israd_database.Rd:25: Lost braces in \itemize; meant \describe ?
checkRd: (-1) is_israd_database.Rd:26: Lost braces in \itemize; meant \describe ?
Flavors: r-devel-linux-x86_64-debian-clang, r-devel-linux-x86_64-debian-gcc, r-devel-linux-x86_64-fedora-clang, r-devel-linux-x86_64-fedora-gcc, r-devel-windows-x86_64, r-patched-linux-x86_64, r-release-linux-x86_64, r-release-macos-arm64, r-release-macos-x86_64, r-release-windows-x86_64