Last updated on 2023-02-07 21:54:19 CET.
Flavor | Version | Tinstall | Tcheck | Ttotal | Status | Flags |
---|---|---|---|---|---|---|
r-devel-linux-x86_64-debian-clang | 2.4.7 | 38.48 | 349.98 | 388.46 | OK | |
r-devel-linux-x86_64-debian-gcc | 2.4.7 | 31.44 | 250.53 | 281.97 | OK | |
r-devel-linux-x86_64-fedora-clang | 2.4.7 | 491.85 | NOTE | |||
r-devel-linux-x86_64-fedora-gcc | 2.4.7 | 454.40 | NOTE | |||
r-devel-windows-x86_64 | 2.4.7 | 138.00 | 376.00 | 514.00 | OK | |
r-patched-linux-x86_64 | 2.4.7 | 31.81 | 325.30 | 357.11 | OK | |
r-release-linux-x86_64 | 2.4.7 | 30.51 | 326.15 | 356.66 | OK | |
r-release-macos-arm64 | 2.4.7 | 116.00 | OK | |||
r-release-macos-x86_64 | 2.4.7 | 154.00 | OK | |||
r-release-windows-x86_64 | 1.7.8 | 87.00 | 315.00 | 402.00 | OK | |
r-oldrel-macos-arm64 | 2.4.7 | 102.00 | OK | |||
r-oldrel-macos-x86_64 | 2.4.7 | 147.00 | OK | |||
r-oldrel-windows-ix86+x86_64 | 2.4.7 | 111.00 | 386.00 | 497.00 | OK |
Version: 2.4.7
Check: data for non-ASCII characters
Result: NOTE
Note: found 1 marked UTF-8 string
Flavors: r-devel-linux-x86_64-fedora-clang, r-devel-linux-x86_64-fedora-gcc