CRAN Package Check Results for Package ISRaD

Last updated on 2021-09-26 20:49:11 CEST.

Flavor Version Tinstall Tcheck Ttotal Status Flags
r-devel-linux-x86_64-debian-clang 1.7.8 13.77 115.36 129.13 OK
r-devel-linux-x86_64-debian-gcc 1.7.8 10.48 86.93 97.41 OK
r-devel-linux-x86_64-fedora-clang 1.7.8 167.68 NOTE
r-devel-linux-x86_64-fedora-gcc 1.7.8 154.72 NOTE
r-devel-windows-x86_64 1.7.8 18.00 118.00 136.00 OK
r-devel-windows-x86_64-gcc10-UCRT 1.7.8 NOTE
r-patched-linux-x86_64 1.7.8 16.08 109.01 125.09 OK
r-patched-solaris-x86 1.7.8 210.60 NOTE
r-release-linux-x86_64 1.7.8 11.03 108.94 119.97 OK
r-release-macos-arm64 1.7.8 NOTE
r-release-macos-x86_64 1.7.8 NOTE
r-release-windows-ix86+x86_64 1.7.8 30.00 137.00 167.00 OK
r-oldrel-macos-x86_64 1.7.8 NOTE
r-oldrel-windows-ix86+x86_64 1.7.8 20.00 98.00 118.00 OK

Check Details

Version: 1.7.8
Check: data for non-ASCII characters
Result: NOTE
     Note: found 1 marked UTF-8 string
Flavors: r-devel-linux-x86_64-fedora-clang, r-devel-linux-x86_64-fedora-gcc, r-devel-windows-x86_64-gcc10-UCRT, r-patched-solaris-x86, r-release-macos-arm64, r-release-macos-x86_64, r-oldrel-macos-x86_64