Last updated on 2023-12-03 19:48:35 CET.
Flavor | Version | Tinstall | Tcheck | Ttotal | Status | Flags |
---|---|---|---|---|---|---|
r-devel-linux-x86_64-debian-clang | 0.1.0 | 7.77 | 80.14 | 87.91 | NOTE | |
r-devel-linux-x86_64-debian-gcc | 0.1.0 | 6.73 | 59.25 | 65.98 | NOTE | |
r-devel-linux-x86_64-fedora-clang | 0.1.0 | 107.42 | NOTE | |||
r-devel-linux-x86_64-fedora-gcc | 0.1.0 | 109.84 | NOTE | |||
r-devel-windows-x86_64 | 0.1.0 | 6.00 | 69.00 | 75.00 | NOTE | |
r-patched-linux-x86_64 | 0.1.0 | 8.93 | 79.90 | 88.83 | NOTE | |
r-release-linux-x86_64 | 0.1.0 | 8.96 | 78.85 | 87.81 | NOTE | |
r-release-macos-arm64 | 0.1.0 | 38.00 | NOTE | |||
r-release-macos-x86_64 | 0.1.0 | 48.00 | NOTE | |||
r-release-windows-x86_64 | 0.1.0 | 6.00 | 73.00 | 79.00 | NOTE | |
r-oldrel-macos-arm64 | 0.1.0 | 34.00 | NOTE | |||
r-oldrel-macos-x86_64 | 0.1.0 | 43.00 | NOTE | |||
r-oldrel-windows-x86_64 | 0.1.0 | 8.00 | 76.00 | 84.00 | NOTE |
Version: 0.1.0
Check: LazyData
Result: NOTE
'LazyData' is specified without a 'data' directory
Flavors: r-devel-linux-x86_64-debian-clang, r-devel-linux-x86_64-debian-gcc, r-devel-linux-x86_64-fedora-clang, r-devel-linux-x86_64-fedora-gcc, r-devel-windows-x86_64, r-patched-linux-x86_64, r-release-linux-x86_64, r-release-macos-arm64, r-release-macos-x86_64, r-release-windows-x86_64, r-oldrel-macos-arm64, r-oldrel-macos-x86_64, r-oldrel-windows-x86_64