Last updated on 2023-12-03 19:48:35 CET.
Flavor | Version | Tinstall | Tcheck | Ttotal | Status | Flags |
---|---|---|---|---|---|---|
r-devel-linux-x86_64-debian-clang | 1.2 | 10.13 | 79.60 | 89.73 | NOTE | |
r-devel-linux-x86_64-debian-gcc | 1.2 | 7.59 | 61.35 | 68.94 | NOTE | |
r-devel-linux-x86_64-fedora-clang | 1.2 | 109.84 | NOTE | |||
r-devel-linux-x86_64-fedora-gcc | 1.2 | 107.48 | NOTE | |||
r-devel-windows-x86_64 | 1.2 | 9.00 | 74.00 | 83.00 | NOTE | |
r-patched-linux-x86_64 | 1.2 | 8.58 | 77.90 | 86.48 | NOTE | |
r-release-linux-x86_64 | 1.2 | 9.50 | 77.70 | 87.20 | NOTE | |
r-release-macos-arm64 | 1.2 | 36.00 | NOTE | |||
r-release-macos-x86_64 | 1.2 | 63.00 | NOTE | |||
r-release-windows-x86_64 | 1.2 | 12.00 | 90.00 | 102.00 | NOTE | |
r-oldrel-macos-arm64 | 1.2 | 34.00 | NOTE | |||
r-oldrel-macos-x86_64 | 1.2 | 62.00 | NOTE | |||
r-oldrel-windows-x86_64 | 1.2 | 13.00 | 89.00 | 102.00 | NOTE |
Version: 1.2
Check: LazyData
Result: NOTE
'LazyData' is specified without a 'data' directory
Flavors: r-devel-linux-x86_64-debian-clang, r-devel-linux-x86_64-debian-gcc, r-devel-linux-x86_64-fedora-clang, r-devel-linux-x86_64-fedora-gcc, r-devel-windows-x86_64, r-patched-linux-x86_64, r-release-linux-x86_64, r-release-macos-arm64, r-release-macos-x86_64, r-release-windows-x86_64, r-oldrel-macos-arm64, r-oldrel-macos-x86_64, r-oldrel-windows-x86_64