CRAN Package Check Results for Package IRCcheck

Last updated on 2021-09-22 08:50:13 CEST.

Flavor Version Tinstall Tcheck Ttotal Status Flags
r-devel-linux-x86_64-debian-clang 1.0.0 4.44 51.54 55.98 OK
r-devel-linux-x86_64-debian-gcc 1.0.0 4.19 38.04 42.23 OK
r-devel-linux-x86_64-fedora-clang 1.0.0 73.36 NOTE
r-devel-linux-x86_64-fedora-gcc 1.0.0 62.14 NOTE
r-devel-windows-x86_64 1.0.0 7.00 51.00 58.00 OK
r-devel-windows-x86_64-gcc10-UCRT 1.0.0 ERROR
r-patched-linux-x86_64 1.0.0 4.33 46.11 50.44 OK
r-patched-solaris-x86 1.0.0 91.70 NOTE
r-release-linux-x86_64 1.0.0 5.13 46.92 52.05 OK
r-release-macos-arm64 1.0.0 NOTE
r-release-macos-x86_64 1.0.0 NOTE
r-release-windows-ix86+x86_64 1.0.0 13.00 68.00 81.00 OK
r-oldrel-macos-x86_64 1.0.0 NOTE
r-oldrel-windows-ix86+x86_64 1.0.0 9.00 52.00 61.00 OK

Check Details

Version: 1.0.0
Check: dependencies in R code
Result: NOTE
    Namespaces in Imports field not imported from:
     ‘Rdpack’ ‘glmnet’
     All declared Imports should be used.
Flavors: r-devel-linux-x86_64-fedora-clang, r-devel-linux-x86_64-fedora-gcc, r-devel-windows-x86_64-gcc10-UCRT, r-patched-solaris-x86, r-release-macos-arm64, r-release-macos-x86_64, r-oldrel-macos-x86_64

Version: 1.0.0
Check: PDF version of manual
Result: WARN
    LaTeX errors when creating PDF version.
    This typically indicates Rd problems.
Flavor: r-devel-windows-x86_64-gcc10-UCRT

Version: 1.0.0
Check: PDF version of manual without hyperrefs or index
Result: ERROR
    Re-running with no redirection of stdout/stderr.
Flavor: r-devel-windows-x86_64-gcc10-UCRT